{"id":813,"date":"2021-09-10T13:05:00","date_gmt":"2021-09-10T12:05:00","guid":{"rendered":"https:\/\/www.ayrmed.com\/editorial\/?page_id=813"},"modified":"2021-09-25T16:53:08","modified_gmt":"2021-09-25T15:53:08","slug":"ideal","status":"publish","type":"page","link":"https:\/\/www.ayrmed.com\/editorial\/ideal\/","title":{"rendered":"Aplicaci\u00f3n para calcular peso ideal"},"content":{"rendered":"<p align=\"justify\">Si usted no conoce <strong>su verdadero peso ideal<\/strong> no podr\u00e1 resolver enfermedades que se previenen y curan mediante un programa espec\u00edfico de dieta y ejercicio, ni lograr su <strong>meta \u00f3ptima de peso y figura<\/strong>. La mayor\u00eda de los test y f\u00f3rmulas que puede encontrar en Internet, farmacias y otros establecimientos obtienen resultados imprecisos y poco realistas ya que s\u00f3lo tienen en cuenta el peso, la estatura y el \u00edndice de masa corporal.<\/p>\n<p style=\"text-align: center;\" align=\"justify\"><img loading=\"lazy\" decoding=\"async\" class=\"aligncenter size-full wp-image-1683\" src=\"https:\/\/www.ayrmed.com\/editorial\/wp-content\/uploads\/2019\/04\/ideal.jpeg\" alt=\"App Peso ideal\" width=\"500\" height=\"333\" srcset=\"https:\/\/www.ayrmed.com\/editorial\/wp-content\/uploads\/2019\/04\/ideal.jpeg 500w, https:\/\/www.ayrmed.com\/editorial\/wp-content\/uploads\/2019\/04\/ideal-300x200.jpeg 300w\" sizes=\"auto, (max-width: 500px) 100vw, 500px\" \/><\/p>\n<p align=\"justify\">Nuestra <strong>f\u00f3rmula in\u00e9dita<\/strong> emplea muchos otros par\u00e1metros, algunos de los cuales incluimos en la calculadora que presentamos a continuaci\u00f3n. Con ellos calculamos una estimaci\u00f3n mucho m\u00e1s aproximada, que perfeccionamos a trav\u00e9s de nuestro <a href=\"https:\/\/www.ayrmed.com\/editorial\/contratar-hablamos\/\">servicio de Medical Coaching<\/a>.<\/p>\n<p style=\"text-align: center;\"><img loading=\"lazy\" decoding=\"async\" class=\"aligncenter size-full wp-image-1503\" src=\"https:\/\/www.ayrmed.com\/editorial\/wp-content\/uploads\/2019\/03\/triangulo4.png\" alt=\"\" width=\"100\" height=\"93\" \/><\/p>\n<h2 style=\"text-align: center;\"><span style=\"color: #339966;\"><strong>Calcular Peso Ideal Gratis<\/strong><\/span><\/h2>\n<p style=\"text-align: justify;\">Para acceder r\u00e1pidamente a nuestra App para calcular su peso ideal, s\u00f3lo necesita registrarse y seguir nuestras sencillas instrucciones.<\/p>\n<p style=\"text-align: center;\"><img loading=\"lazy\" decoding=\"async\" class=\"aligncenter size-full wp-image-1493\" src=\"https:\/\/www.ayrmed.com\/editorial\/wp-content\/uploads\/2019\/03\/sep2.jpg\" alt=\"\" width=\"500\" height=\"13\" srcset=\"https:\/\/www.ayrmed.com\/editorial\/wp-content\/uploads\/2019\/03\/sep2.jpg 500w, https:\/\/www.ayrmed.com\/editorial\/wp-content\/uploads\/2019\/03\/sep2-300x8.jpg 300w\" sizes=\"auto, (max-width: 500px) 100vw, 500px\" \/><\/p>\n<div style=\"text-align: center;\"><form method=\"post\" action=\"https:\/\/www.ayrmed.com\/editorial\/wp-admin\/admin-ajax.php?action=tnp&amp;na=s\" class=\"tnp-subscription\" style=\"\">\n<input type='hidden' name='nl[]' value='1'>\n<input type='hidden' name='nl[]' value='2'>\n<input type=\"hidden\" name=\"nlang\" value=\"\">\n<br \/>\n<div class=\"tnp-field tnp-field-email\"><label for=\"tnp-1\">Su mejor email:<\/label>\n<input class=\"tnp-email\" type=\"email\" name=\"ne\" id=\"tnp-1\" value=\"\" placeholder=\"\" required><\/div>\n<br \/>\n<div class=\"tnp-field tnp-field-checkbox tnp-field-privacy\"><input type=\"checkbox\" name=\"ny\" required class=\"tnp-privacy\" id=\"tnp-2\"> <label for=\"tnp-2\"><a target=\"_blank\" href=\"https:\/\/www.ayrmed.com\/editorial\/privacidad\/\">He le\u00eddo y acepto la pol\u00edtica de privacidad<\/a><\/label><\/div><br \/>\n<div class=\"tnp-field tnp-field-button\" style=\"text-align: left\"><input class=\"tnp-submit\" type=\"submit\" value=\"Enviar\" style=\"\">\n<\/div>\n<\/form><\/div>\n<p style=\"text-align: justify;\"><small>He le\u00eddo la <a href=\"https:\/\/www.ayrmed.com\/editorial\/privacidad\/\" target=\"_blank\" rel=\"noopener noreferrer\">pol\u00edtica de privacidad<\/a> y acepto recibir contenidos muy interesantes, invitaciones a actividades formativas online de primera y de vez en cuando recibir alguna comunicaci\u00f3n comercial. Suscripci\u00f3n selectiva s\u00f3lo a temas de inter\u00e9s, que puede modificarse o cancelarse en cualquier momento en Mi Perfil.<\/small><\/p>\n<div class=\"tnp tnp-subscription\" style=\"text-align: center;\">\n<form action=\"https:\/\/www.ayrmed.com\/editorial\/?na=s\" method=\"post\"><input name=\"nlang\" type=\"hidden\" value=\"\" \/><\/form>\n<p style=\"text-align: center;\"><img loading=\"lazy\" decoding=\"async\" class=\"aligncenter size-full wp-image-1493\" src=\"https:\/\/www.ayrmed.com\/editorial\/wp-content\/uploads\/2019\/03\/sep2.jpg\" alt=\"\" width=\"500\" height=\"13\" srcset=\"https:\/\/www.ayrmed.com\/editorial\/wp-content\/uploads\/2019\/03\/sep2.jpg 500w, https:\/\/www.ayrmed.com\/editorial\/wp-content\/uploads\/2019\/03\/sep2-300x8.jpg 300w\" sizes=\"auto, (max-width: 500px) 100vw, 500px\" \/><\/p>\n<h2 style=\"text-align: center;\"><span style=\"color: #339966;\"><strong>Sistema Triunfar en Salud<\/strong><\/span><\/h2>\n<p align=\"justify\">Para una misma estatura el peso ideal var\u00eda seg\u00fan la constituci\u00f3n f\u00edsica de cada cual. Un individuo de constituci\u00f3n delgada pesa mucho menos que otra persona de complexi\u00f3n ancha y de la misma estatura, aunque ambos est\u00e9n dentro de su peso ideal. Nosotros somos de los pocos que consideramos <strong>estos y muchos otros par\u00e1metros<\/strong> para calcular el peso ideal y elaborar programas de dieta y ejercicio a trav\u00e9s de nuestro <strong>Sistema Triunfar en Salud<\/strong>.<\/p>\n<div class=\"wp-block-image\">\n<figure class=\"aligncenter\"><a href=\"https:\/\/www.ayrmed.com\/editorial\/consultad\/\" rel=\"nofollow\"><img loading=\"lazy\" decoding=\"async\" class=\"aligncenter wp-image-1256 size-full\" src=\"https:\/\/www.ayrmed.com\/editorial\/wp-content\/uploads\/2019\/03\/boton-saber-mas.jpg\" alt=\"\" width=\"200\" height=\"60\" \/><\/a><\/figure>\n<\/div>\n<div style=\"text-align: center;\"><div class=\"lyte-wrapper\" style=\"width:420px;max-width:100%;margin:5px auto;\"><div class=\"lyMe\" id=\"WYL_T-_XwednNW4\"><div id=\"lyte_T-_XwednNW4\" data-src=\"\/\/i.ytimg.com\/vi\/T-_XwednNW4\/hqdefault.jpg\" class=\"pL\"><div class=\"tC\"><div class=\"tT\"><\/div><\/div><div class=\"play\"><\/div><div class=\"ctrl\"><div class=\"Lctrl\"><\/div><div class=\"Rctrl\"><\/div><\/div><\/div><noscript><a href=\"https:\/\/youtu.be\/T-_XwednNW4\" rel=\"nofollow\"><img loading=\"lazy\" decoding=\"async\" src=\"https:\/\/i.ytimg.com\/vi\/T-_XwednNW4\/0.jpg\" alt=\"YouTube video thumbnail\" width=\"420\" height=\"216\" \/><br \/>Ver este v\u00eddeo en YouTube<\/a><\/noscript><\/div><\/div><div class=\"lL\" style=\"max-width:100%;width:420px;margin:5px auto;\"><\/div><\/div>\n<\/div>\n","protected":false},"excerpt":{"rendered":"<p>Si usted no conoce su verdadero peso ideal no podr\u00e1 resolver enfermedades que se previenen y curan mediante un programa espec\u00edfico de dieta y ejercicio, ni lograr su meta \u00f3ptima de peso y figura. La mayor\u00eda de los test y f\u00f3rmulas que puede encontrar en Internet, farmacias y otros establecimientos obtienen resultados imprecisos y poco [&hellip;]<\/p>\n","protected":false},"author":1,"featured_media":0,"parent":0,"menu_order":0,"comment_status":"closed","ping_status":"closed","template":"","meta":{"site-sidebar-layout":"default","site-content-layout":"default","ast-site-content-layout":"default","site-content-style":"default","site-sidebar-style":"default","ast-global-header-display":"","ast-banner-title-visibility":"","ast-main-header-display":"","ast-hfb-above-header-display":"","ast-hfb-below-header-display":"","ast-hfb-mobile-header-display":"","site-post-title":"","ast-breadcrumbs-content":"","ast-featured-img":"","footer-sml-layout":"","ast-disable-related-posts":"","theme-transparent-header-meta":"default","adv-header-id-meta":"","stick-header-meta":"","header-above-stick-meta":"","header-main-stick-meta":"","header-below-stick-meta":"","astra-migrate-meta-layouts":"default","ast-page-background-enabled":"default","ast-page-background-meta":{"desktop":{"background-color":"","background-image":"","background-repeat":"repeat","background-position":"center center","background-size":"auto","background-attachment":"scroll","background-type":"","background-media":"","overlay-type":"","overlay-color":"","overlay-opacity":"","overlay-gradient":""},"tablet":{"background-color":"","background-image":"","background-repeat":"repeat","background-position":"center center","background-size":"auto","background-attachment":"scroll","background-type":"","background-media":"","overlay-type":"","overlay-color":"","overlay-opacity":"","overlay-gradient":""},"mobile":{"background-color":"","background-image":"","background-repeat":"repeat","background-position":"center center","background-size":"auto","background-attachment":"scroll","background-type":"","background-media":"","overlay-type":"","overlay-color":"","overlay-opacity":"","overlay-gradient":""}},"ast-content-background-meta":{"desktop":{"background-color":"var(--ast-global-color-5)","background-image":"","background-repeat":"repeat","background-position":"center center","background-size":"auto","background-attachment":"scroll","background-type":"","background-media":"","overlay-type":"","overlay-color":"","overlay-opacity":"","overlay-gradient":""},"tablet":{"background-color":"var(--ast-global-color-5)","background-image":"","background-repeat":"repeat","background-position":"center center","background-size":"auto","background-attachment":"scroll","background-type":"","background-media":"","overlay-type":"","overlay-color":"","overlay-opacity":"","overlay-gradient":""},"mobile":{"background-color":"var(--ast-global-color-5)","background-image":"","background-repeat":"repeat","background-position":"center center","background-size":"auto","background-attachment":"scroll","background-type":"","background-media":"","overlay-type":"","overlay-color":"","overlay-opacity":"","overlay-gradient":""}},"footnotes":""},"class_list":["post-813","page","type-page","status-publish","hentry"],"yoast_head":"<!-- This site is optimized with the Yoast SEO plugin v27.4 - https:\/\/yoast.com\/product\/yoast-seo-wordpress\/ -->\n<title>Aplicaci\u00f3n para calcular peso ideal . F\u00f3rmula in\u00e9dita | Ayrmed.com<\/title>\n<meta name=\"description\" content=\"Aplicaci\u00f3n para calcular de forma m\u00e1s exacta el verdadero peso ideal. F\u00f3rmula in\u00e9dita que tiene en cuenta la complexi\u00f3n y otras variables.\" \/>\n<meta name=\"robots\" content=\"noindex, nofollow\" \/>\n<meta property=\"og:locale\" content=\"es_ES\" \/>\n<meta property=\"og:type\" content=\"article\" \/>\n<meta property=\"og:title\" content=\"Aplicaci\u00f3n para calcular peso ideal . F\u00f3rmula in\u00e9dita | Ayrmed.com\" \/>\n<meta property=\"og:description\" content=\"Aplicaci\u00f3n para calcular de forma m\u00e1s exacta el verdadero peso ideal. F\u00f3rmula in\u00e9dita que tiene en cuenta la complexi\u00f3n y otras variables.\" \/>\n<meta property=\"og:url\" content=\"https:\/\/www.ayrmed.com\/editorial\/ideal\/\" \/>\n<meta property=\"og:site_name\" content=\"Ayrmed.com\" \/>\n<meta property=\"article:publisher\" content=\"https:\/\/www.facebook.com\/Dr.AntonioFerrandez\/\" \/>\n<meta property=\"article:modified_time\" content=\"2021-09-25T15:53:08+00:00\" \/>\n<meta property=\"og:image\" content=\"https:\/\/www.ayrmed.com\/editorial\/wp-content\/uploads\/2019\/04\/ideal.jpeg\" \/>\n\t<meta property=\"og:image:width\" content=\"500\" \/>\n\t<meta property=\"og:image:height\" content=\"333\" \/>\n\t<meta property=\"og:image:type\" content=\"image\/jpeg\" \/>\n<meta name=\"twitter:label1\" content=\"Tiempo de lectura\" \/>\n\t<meta name=\"twitter:data1\" content=\"3 minutos\" \/>\n<script type=\"application\/ld+json\" class=\"yoast-schema-graph\">{\"@context\":\"https:\\\/\\\/schema.org\",\"@graph\":[{\"@type\":\"WebPage\",\"@id\":\"https:\\\/\\\/www.ayrmed.com\\\/editorial\\\/ideal\\\/\",\"url\":\"https:\\\/\\\/www.ayrmed.com\\\/editorial\\\/ideal\\\/\",\"name\":\"Aplicaci\u00f3n para calcular peso ideal . F\u00f3rmula in\u00e9dita | Ayrmed.com\",\"isPartOf\":{\"@id\":\"https:\\\/\\\/www.ayrmed.com\\\/editorial\\\/#website\"},\"primaryImageOfPage\":{\"@id\":\"https:\\\/\\\/www.ayrmed.com\\\/editorial\\\/ideal\\\/#primaryimage\"},\"image\":{\"@id\":\"https:\\\/\\\/www.ayrmed.com\\\/editorial\\\/ideal\\\/#primaryimage\"},\"thumbnailUrl\":\"https:\\\/\\\/www.ayrmed.com\\\/editorial\\\/wp-content\\\/uploads\\\/2019\\\/04\\\/ideal.jpeg\",\"datePublished\":\"2021-09-10T12:05:00+00:00\",\"dateModified\":\"2021-09-25T15:53:08+00:00\",\"description\":\"Aplicaci\u00f3n para calcular de forma m\u00e1s exacta el verdadero peso ideal. F\u00f3rmula in\u00e9dita que tiene en cuenta la complexi\u00f3n y otras variables.\",\"breadcrumb\":{\"@id\":\"https:\\\/\\\/www.ayrmed.com\\\/editorial\\\/ideal\\\/#breadcrumb\"},\"inLanguage\":\"es\",\"potentialAction\":[{\"@type\":\"ReadAction\",\"target\":[\"https:\\\/\\\/www.ayrmed.com\\\/editorial\\\/ideal\\\/\"]}]},{\"@type\":\"ImageObject\",\"inLanguage\":\"es\",\"@id\":\"https:\\\/\\\/www.ayrmed.com\\\/editorial\\\/ideal\\\/#primaryimage\",\"url\":\"https:\\\/\\\/www.ayrmed.com\\\/editorial\\\/wp-content\\\/uploads\\\/2019\\\/04\\\/ideal.jpeg\",\"contentUrl\":\"https:\\\/\\\/www.ayrmed.com\\\/editorial\\\/wp-content\\\/uploads\\\/2019\\\/04\\\/ideal.jpeg\",\"width\":500,\"height\":333,\"caption\":\"App Peso ideal\"},{\"@type\":\"BreadcrumbList\",\"@id\":\"https:\\\/\\\/www.ayrmed.com\\\/editorial\\\/ideal\\\/#breadcrumb\",\"itemListElement\":[{\"@type\":\"ListItem\",\"position\":1,\"name\":\"Portada\",\"item\":\"https:\\\/\\\/www.ayrmed.com\\\/editorial\\\/\"},{\"@type\":\"ListItem\",\"position\":2,\"name\":\"Aplicaci\u00f3n para calcular peso ideal\"}]},{\"@type\":\"WebSite\",\"@id\":\"https:\\\/\\\/www.ayrmed.com\\\/editorial\\\/#website\",\"url\":\"https:\\\/\\\/www.ayrmed.com\\\/editorial\\\/\",\"name\":\"Ayrmed.com\",\"description\":\"Avances y Renovaci\u00f3n en Medicina\",\"publisher\":{\"@id\":\"https:\\\/\\\/www.ayrmed.com\\\/editorial\\\/#organization\"},\"potentialAction\":[{\"@type\":\"SearchAction\",\"target\":{\"@type\":\"EntryPoint\",\"urlTemplate\":\"https:\\\/\\\/www.ayrmed.com\\\/editorial\\\/?s={search_term_string}\"},\"query-input\":{\"@type\":\"PropertyValueSpecification\",\"valueRequired\":true,\"valueName\":\"search_term_string\"}}],\"inLanguage\":\"es\"},{\"@type\":\"Organization\",\"@id\":\"https:\\\/\\\/www.ayrmed.com\\\/editorial\\\/#organization\",\"name\":\"Ayrmed.com\",\"url\":\"https:\\\/\\\/www.ayrmed.com\\\/editorial\\\/\",\"logo\":{\"@type\":\"ImageObject\",\"inLanguage\":\"es\",\"@id\":\"https:\\\/\\\/www.ayrmed.com\\\/editorial\\\/#\\\/schema\\\/logo\\\/image\\\/\",\"url\":\"https:\\\/\\\/www.ayrmed.com\\\/editorial\\\/wp-content\\\/uploads\\\/2020\\\/01\\\/cropped-logo-ayrmed-10.png\",\"contentUrl\":\"https:\\\/\\\/www.ayrmed.com\\\/editorial\\\/wp-content\\\/uploads\\\/2020\\\/01\\\/cropped-logo-ayrmed-10.png\",\"width\":462,\"height\":148,\"caption\":\"Ayrmed.com\"},\"image\":{\"@id\":\"https:\\\/\\\/www.ayrmed.com\\\/editorial\\\/#\\\/schema\\\/logo\\\/image\\\/\"},\"sameAs\":[\"https:\\\/\\\/www.facebook.com\\\/Dr.AntonioFerrandez\\\/\",\"https:\\\/\\\/x.com\\\/editorialayrmed\",\"https:\\\/\\\/www.linkedin.com\\\/in\\\/antonio-ferrandez-infante\\\/\",\"https:\\\/\\\/www.pinterest.es\\\/ayrmed\",\"https:\\\/\\\/www.youtube.com\\\/channel\\\/UCLTv0c5lrbhVHCij5-z835w\"]}]}<\/script>\n<!-- \/ Yoast SEO plugin. -->","yoast_head_json":{"title":"Aplicaci\u00f3n para calcular peso ideal . F\u00f3rmula in\u00e9dita | Ayrmed.com","description":"Aplicaci\u00f3n para calcular de forma m\u00e1s exacta el verdadero peso ideal. F\u00f3rmula in\u00e9dita que tiene en cuenta la complexi\u00f3n y otras variables.","robots":{"index":"noindex","follow":"nofollow"},"og_locale":"es_ES","og_type":"article","og_title":"Aplicaci\u00f3n para calcular peso ideal . F\u00f3rmula in\u00e9dita | Ayrmed.com","og_description":"Aplicaci\u00f3n para calcular de forma m\u00e1s exacta el verdadero peso ideal. F\u00f3rmula in\u00e9dita que tiene en cuenta la complexi\u00f3n y otras variables.","og_url":"https:\/\/www.ayrmed.com\/editorial\/ideal\/","og_site_name":"Ayrmed.com","article_publisher":"https:\/\/www.facebook.com\/Dr.AntonioFerrandez\/","article_modified_time":"2021-09-25T15:53:08+00:00","og_image":[{"width":500,"height":333,"url":"https:\/\/www.ayrmed.com\/editorial\/wp-content\/uploads\/2019\/04\/ideal.jpeg","type":"image\/jpeg"}],"twitter_misc":{"Tiempo de lectura":"3 minutos"},"schema":{"@context":"https:\/\/schema.org","@graph":[{"@type":"WebPage","@id":"https:\/\/www.ayrmed.com\/editorial\/ideal\/","url":"https:\/\/www.ayrmed.com\/editorial\/ideal\/","name":"Aplicaci\u00f3n para calcular peso ideal . F\u00f3rmula in\u00e9dita | Ayrmed.com","isPartOf":{"@id":"https:\/\/www.ayrmed.com\/editorial\/#website"},"primaryImageOfPage":{"@id":"https:\/\/www.ayrmed.com\/editorial\/ideal\/#primaryimage"},"image":{"@id":"https:\/\/www.ayrmed.com\/editorial\/ideal\/#primaryimage"},"thumbnailUrl":"https:\/\/www.ayrmed.com\/editorial\/wp-content\/uploads\/2019\/04\/ideal.jpeg","datePublished":"2021-09-10T12:05:00+00:00","dateModified":"2021-09-25T15:53:08+00:00","description":"Aplicaci\u00f3n para calcular de forma m\u00e1s exacta el verdadero peso ideal. F\u00f3rmula in\u00e9dita que tiene en cuenta la complexi\u00f3n y otras variables.","breadcrumb":{"@id":"https:\/\/www.ayrmed.com\/editorial\/ideal\/#breadcrumb"},"inLanguage":"es","potentialAction":[{"@type":"ReadAction","target":["https:\/\/www.ayrmed.com\/editorial\/ideal\/"]}]},{"@type":"ImageObject","inLanguage":"es","@id":"https:\/\/www.ayrmed.com\/editorial\/ideal\/#primaryimage","url":"https:\/\/www.ayrmed.com\/editorial\/wp-content\/uploads\/2019\/04\/ideal.jpeg","contentUrl":"https:\/\/www.ayrmed.com\/editorial\/wp-content\/uploads\/2019\/04\/ideal.jpeg","width":500,"height":333,"caption":"App Peso ideal"},{"@type":"BreadcrumbList","@id":"https:\/\/www.ayrmed.com\/editorial\/ideal\/#breadcrumb","itemListElement":[{"@type":"ListItem","position":1,"name":"Portada","item":"https:\/\/www.ayrmed.com\/editorial\/"},{"@type":"ListItem","position":2,"name":"Aplicaci\u00f3n para calcular peso ideal"}]},{"@type":"WebSite","@id":"https:\/\/www.ayrmed.com\/editorial\/#website","url":"https:\/\/www.ayrmed.com\/editorial\/","name":"Ayrmed.com","description":"Avances y Renovaci\u00f3n en Medicina","publisher":{"@id":"https:\/\/www.ayrmed.com\/editorial\/#organization"},"potentialAction":[{"@type":"SearchAction","target":{"@type":"EntryPoint","urlTemplate":"https:\/\/www.ayrmed.com\/editorial\/?s={search_term_string}"},"query-input":{"@type":"PropertyValueSpecification","valueRequired":true,"valueName":"search_term_string"}}],"inLanguage":"es"},{"@type":"Organization","@id":"https:\/\/www.ayrmed.com\/editorial\/#organization","name":"Ayrmed.com","url":"https:\/\/www.ayrmed.com\/editorial\/","logo":{"@type":"ImageObject","inLanguage":"es","@id":"https:\/\/www.ayrmed.com\/editorial\/#\/schema\/logo\/image\/","url":"https:\/\/www.ayrmed.com\/editorial\/wp-content\/uploads\/2020\/01\/cropped-logo-ayrmed-10.png","contentUrl":"https:\/\/www.ayrmed.com\/editorial\/wp-content\/uploads\/2020\/01\/cropped-logo-ayrmed-10.png","width":462,"height":148,"caption":"Ayrmed.com"},"image":{"@id":"https:\/\/www.ayrmed.com\/editorial\/#\/schema\/logo\/image\/"},"sameAs":["https:\/\/www.facebook.com\/Dr.AntonioFerrandez\/","https:\/\/x.com\/editorialayrmed","https:\/\/www.linkedin.com\/in\/antonio-ferrandez-infante\/","https:\/\/www.pinterest.es\/ayrmed","https:\/\/www.youtube.com\/channel\/UCLTv0c5lrbhVHCij5-z835w"]}]}},"_links":{"self":[{"href":"https:\/\/www.ayrmed.com\/editorial\/wp-json\/wp\/v2\/pages\/813","targetHints":{"allow":["GET"]}}],"collection":[{"href":"https:\/\/www.ayrmed.com\/editorial\/wp-json\/wp\/v2\/pages"}],"about":[{"href":"https:\/\/www.ayrmed.com\/editorial\/wp-json\/wp\/v2\/types\/page"}],"author":[{"embeddable":true,"href":"https:\/\/www.ayrmed.com\/editorial\/wp-json\/wp\/v2\/users\/1"}],"replies":[{"embeddable":true,"href":"https:\/\/www.ayrmed.com\/editorial\/wp-json\/wp\/v2\/comments?post=813"}],"version-history":[{"count":84,"href":"https:\/\/www.ayrmed.com\/editorial\/wp-json\/wp\/v2\/pages\/813\/revisions"}],"predecessor-version":[{"id":2267,"href":"https:\/\/www.ayrmed.com\/editorial\/wp-json\/wp\/v2\/pages\/813\/revisions\/2267"}],"wp:attachment":[{"href":"https:\/\/www.ayrmed.com\/editorial\/wp-json\/wp\/v2\/media?parent=813"}],"curies":[{"name":"wp","href":"https:\/\/api.w.org\/{rel}","templated":true}]}}