{"id":674,"date":"2019-01-28T13:55:50","date_gmt":"2019-01-28T12:55:50","guid":{"rendered":"https:\/\/www.ayrmed.com\/editorial\/?page_id=674"},"modified":"2025-11-16T12:18:47","modified_gmt":"2025-11-16T11:18:47","slug":"antonio-ferrandez-infante","status":"publish","type":"page","link":"https:\/\/www.ayrmed.com\/editorial\/antonio-ferrandez-infante\/","title":{"rendered":"Antonio Ferr\u00e1ndez Infante"},"content":{"rendered":"<p style=\"text-align: left;\" align=\"justify\">Antonio Ferr\u00e1ndez Infante es Doctor en Medicina (MD \/ PhD) por la Universidad Aut\u00f3noma de Madrid, especialista en medicina familiar, terapeuta de pareja, conferenciante y autor de 5 libros, entre los que destaca <strong>M\u00e1s Control y Potencia, <a href=\"https:\/\/www.amazon.es\/s?i=stripbooks&amp;bbn=13440917031&amp;rh=n%3A599364031%2Cn%3A902681031%2Cn%3A13440917031%2Cn%3A13440921031&amp;dc&amp;qid=1605108922&amp;rnid=13440917031&amp;ref=sr_nr_n_1&amp;fbclid=IwAR3ecJJANPeMBM4aj353IZVuJKjjuwIh-4Wc0_xc-7YQPmIg_QKZ8CZ5eTU\" target=\"_blank\" rel=\"noopener noreferrer\">actualmente en la lista de M\u00e1s Vendidos en Amazon<\/a><\/strong>\u00a0en la categor\u00eda de gu\u00edas sexuales para hombres. Para contactarle pulse <a href=\"https:\/\/www.ayrmed.com\/editorial\/ayrmed\/\" target=\"_blank\" rel=\"noopener noreferrer\">aqu\u00ed<\/a>.<\/p>\n<p align=\"justify\">Es colaborador en diversos medios de comunicaci\u00f3n, como <a href=\"https:\/\/youtu.be\/wsCMEsM-myU\" target=\"_blank\" rel=\"noopener noreferrer\">RTVE<\/a>,\u00a0<a href=\"http:\/\/www.youtube.com\/watch?v=ckvY4Ur01tU\" target=\"_blank\" rel=\"noopener noreferrer\">Telemadrid<\/a>, los peri\u00f3dicos <a href=\"http:\/\/www.elmundo.es\/suplementos\/salud\/2009\/793\/1235602803.html\" target=\"_blank\" rel=\"noopener noreferrer\">El Mundo<\/a>, <a href=\"https:\/\/okdiario.com\/salud\/dr-infante-disfuncion-erectil-triplica-partir-50-respecto-edades-mas-jovenes-13314468\" target=\"_blank\" rel=\"noopener\">OK Diario<\/a>, <a href=\"https:\/\/www.lavozdegalicia.es\/noticia\/lavozdelasalud\/vida-saludable\/2024\/11\/08\/antonio-fernandez-sexologo-medico-mito-disfuncion-erectil-parte-inevitable-envejecimiento\/00031731074224425959996.htm\" target=\"_blank\" rel=\"noopener\">La Voz de Galicia<\/a>, <a href=\"https:\/\/www.consalud.es\/pacientes\/aumento-its-en-jovenes-hemos-inculcado-miedo-embarazo-pero-no-infecciones_154094_102.html\" target=\"_blank\" rel=\"noopener\">Consalud<\/a>, <a href=\"https:\/\/medicinaresponsable.com\/la-mirada-de\/mirada-dia-salud-sexual\" target=\"_blank\" rel=\"noopener\">Mecidina Responsable<\/a> y la revista <a href=\"http:\/\/www.sanatusexo.com\/objetos\/entrevista-a-antonio-ferrandez-en-cosmopolitan.pdf\" target=\"_blank\" rel=\"nofollow noopener noreferrer\">Cosmopolitan<\/a>.<\/p>\n<p style=\"text-align: center;\"><div class=\"lyte-wrapper\" style=\"width:420px;max-width:100%;margin:5px auto;\"><div class=\"lyMe\" id=\"WYL_UeOhKssaAPs\"><div id=\"lyte_UeOhKssaAPs\" data-src=\"\/\/i.ytimg.com\/vi\/UeOhKssaAPs\/hqdefault.jpg\" class=\"pL\"><div class=\"tC\"><div class=\"tT\"><\/div><\/div><div class=\"play\"><\/div><div class=\"ctrl\"><div class=\"Lctrl\"><\/div><div class=\"Rctrl\"><\/div><\/div><\/div><noscript><a href=\"https:\/\/youtu.be\/UeOhKssaAPs\" rel=\"nofollow\"><img loading=\"lazy\" decoding=\"async\" src=\"https:\/\/i.ytimg.com\/vi\/UeOhKssaAPs\/0.jpg\" alt=\"YouTube video thumbnail\" width=\"420\" height=\"216\" \/><br \/>Ver este v\u00eddeo en YouTube<\/a><\/noscript><\/div><\/div><div class=\"lL\" style=\"max-width:100%;width:420px;margin:5px auto;\"><\/div><\/p>\n<p style=\"text-align: center;\" align=\"justify\">Suscribirse <a href=\"https:\/\/www.youtube.com\/channel\/UCLTv0c5lrbhVHCij5-z835w?sub_confirmation=1\" target=\"_blank\" rel=\"noopener noreferrer\">aqu\u00ed<\/a> para ver m\u00e1s v\u00eddeos<\/p>\n<p style=\"text-align: left;\" align=\"justify\">Actualmente es miembro del Grupo de Trabajo de Atenci\u00f3n a la Mujer y Coordinador del Grupo de Trabajo de Sexolog\u00eda de la <a href=\"https:\/\/www.semergen.es\/\" target=\"_blank\" rel=\"noopener noreferrer\">SEMERGEN (Sociedad Espa\u00f1ola de M\u00e9dicos de Atenci\u00f3n Primaria)<\/a>.<\/p>\n<p style=\"text-align: left;\" align=\"justify\">Su alta visibilidad en redes sociales le permite hacer llegar a mucha gente sus mensajes de divulgaci\u00f3n de salud y bienestar, principalmente desde sus canales en <a href=\"https:\/\/www.youtube.com\/c\/DrAntonioFerr%C3%A1ndez\" target=\"_blank\" rel=\"noopener\">Youtube<\/a>, <a href=\"https:\/\/t.me\/DrAntonioFerrandez\" target=\"_blank\" rel=\"noopener\">Telegram<\/a>, <a href=\"https:\/\/www.instagram.com\/dr.antonioferrandez\/\" target=\"_blank\" rel=\"noopener\">Instagram<\/a>, <a href=\"https:\/\/twitter.com\/editorialayrmed\" target=\"_blank\" rel=\"noopener noreferrer\">X (Twitter)<\/a> y <a href=\"https:\/\/www.facebook.com\/Dr.AntonioFerrandez\/\">Facebook<\/a>.<\/p>\n<p align=\"justify\">Asimismo, ejerci\u00f3 desde 2005 hasta 2021 como Profesor de la\u00a0 Subdirecci\u00f3n General de Farmacia y Productos Sanitarios de la Comunidad de Madrid,<\/p>\n<p style=\"text-align: left;\" align=\"justify\">Autor de 5 libros, entre los que destaca <strong>M\u00e1s Control y Potencia, <a href=\"https:\/\/www.amazon.es\/s?i=stripbooks&amp;bbn=13440917031&amp;rh=n%3A599364031%2Cn%3A902681031%2Cn%3A13440917031%2Cn%3A13440921031&amp;dc&amp;qid=1605108922&amp;rnid=13440917031&amp;ref=sr_nr_n_1&amp;fbclid=IwAR3ecJJANPeMBM4aj353IZVuJKjjuwIh-4Wc0_xc-7YQPmIg_QKZ8CZ5eTU\" target=\"_blank\" rel=\"noopener noreferrer\">una de las gu\u00edas sexuales m\u00e1s vendidas en Amazon<\/a><\/strong>, promocionado en exclusiva a trav\u00e9s del portal SexologoMedico.com, del que es director.<\/p>\n<p style=\"text-align: left;\" align=\"justify\">Una p\u00e1gina que toma el relevo a Sanatusexo.com, creada por Antonio Ferr\u00e1ndez en 2010 y que se convirti\u00f3 en una web l\u00edder en sexolog\u00eda en habla hispana a nivel mundial por su alto posicionamiento en buscadores y su novedosa forma de interaccionar masivamente con los usuarios.<\/p>\n<p style=\"text-align: left;\" align=\"justify\">Actualmente, Antonio Ferr\u00e1ndez participa en la publicaci\u00f3n de art\u00edculos originales sobre diversos temas de salud y en la provisi\u00f3n de servicios de asesor\u00eda m\u00e9dica online. Puede acceder a m\u00e1s datos de su curriculum en <a href=\"https:\/\/www.sexologomedico.com\/antonio-ferrandez-infante\/\" target=\"_blank\" rel=\"noopener noreferrer\">esta p\u00e1gina<\/a>.<\/p>\n<h3 style=\"text-align: center;\" align=\"justify\"><strong>Entrevista en RTVE | Programa \u00abEl Ojo Cl\u00ednico\u00bb<\/strong><\/h3>\n<p align=\"center\"><div class=\"lyte-wrapper\" style=\"width:420px;max-width:100%;margin:5px auto;\"><div class=\"lyMe\" id=\"WYL_wsCMEsM-myU\"><div id=\"lyte_wsCMEsM-myU\" data-src=\"\/\/i.ytimg.com\/vi\/wsCMEsM-myU\/hqdefault.jpg\" class=\"pL\"><div class=\"tC\"><div class=\"tT\"><\/div><\/div><div class=\"play\"><\/div><div class=\"ctrl\"><div class=\"Lctrl\"><\/div><div class=\"Rctrl\"><\/div><\/div><\/div><noscript><a href=\"https:\/\/youtu.be\/wsCMEsM-myU\" rel=\"nofollow\"><img loading=\"lazy\" decoding=\"async\" src=\"https:\/\/i.ytimg.com\/vi\/wsCMEsM-myU\/0.jpg\" alt=\"YouTube video thumbnail\" width=\"420\" height=\"216\" \/><br \/>Ver este v\u00eddeo en YouTube<\/a><\/noscript><\/div><\/div><div class=\"lL\" style=\"max-width:100%;width:420px;margin:5px auto;\"><\/div><\/p>\n<p style=\"text-align: left;\" align=\"justify\">Desde 2007 imparte conferencias y actividades formativas dirigidas a fomentar el inter\u00e9s y desarrollar las competencias de los m\u00e9dicos de atenci\u00f3n primaria, en los diversas \u00e1reas en las que se ha especializado, y especialmente a trav\u00e9s de su participaci\u00f3n en los Grupos de Trabajo de SEMERGEN.<\/p>\n<h3 style=\"text-align: center;\" align=\"justify\"><strong>Ponencia en VII Foro Nacional de Salud Sexual<\/strong><\/h3>\n<p align=\"center\"><iframe loading=\"lazy\" src=\"https:\/\/www.youtube.com\/embed\/kMFkNC983mA\" width=\"500\" height=\"281\" frameborder=\"0\" allowfullscreen=\"allowfullscreen\">&amp;amp;amp;amp;lt;span data-mce-type=\u00bbbookmark\u00bb style=\u00bbdisplay: inline-block; width: 0px; overflow: hidden; line-height: 0;\u00bb class=\u00bbmce_SELRES_start\u00bb&amp;amp;amp;amp;gt;&amp;amp;amp;amp;lt;\/span&amp;amp;amp;amp;gt;<\/iframe><\/p>\n<p style=\"text-align: left;\" align=\"justify\">Debido a su actividad profesional ininterrumpida como m\u00e9dico de familia desde 2001,\u00a0 Antonio Ferr\u00e1ndez es capaz de atender cualquier problema de salud desde una perspectiva integral, entendiendo la particularidad de cada paciente, y desarrollando el arte de la entrevista cl\u00ednica de forma humana y extraordinariamente eficiente. Si desea leer testimonios y opiniones sobre su atenci\u00f3n profesional pulse: <a href=\"https:\/\/www.google.com\/search?q=antonio+ferrandez+infante&amp;oq=antonio+ferrandez+infante&amp;aqs=chrome..69i57j69i60l3j69i59l2.5834j0j7&amp;sourceid=chrome&amp;ie=UTF-8#lrd=0xd422f31a0f7608b:0xaadfee40ad40afe3,1,,,\" target=\"_blank\" rel=\"noopener noreferrer\">aqu\u00ed<\/a>.<\/p>\n<p align=\"justify\"><img loading=\"lazy\" decoding=\"async\" class=\"aligncenter wp-image-485 size-full\" title=\"Antonio Ferr\u00e1ndez como Moderador del V Foro Nacional de Salud Sexual\" src=\"https:\/\/www.ayrmed.com\/editorial\/wp-content\/uploads\/2015\/09\/foro4.jpg\" alt=\"V Foro Nacional de Salud Sexual\" width=\"500\" height=\"375\" srcset=\"https:\/\/www.ayrmed.com\/editorial\/wp-content\/uploads\/2015\/09\/foro4.jpg 500w, https:\/\/www.ayrmed.com\/editorial\/wp-content\/uploads\/2015\/09\/foro4-300x225.jpg 300w\" sizes=\"auto, (max-width: 500px) 100vw, 500px\" \/><\/p>\n","protected":false},"excerpt":{"rendered":"<p>Antonio Ferr\u00e1ndez Infante es Doctor en Medicina (MD \/ PhD) por la Universidad Aut\u00f3noma de Madrid, especialista en medicina familiar, terapeuta de pareja, conferenciante y autor de 5 libros, entre los que destaca M\u00e1s Control y Potencia, actualmente en la lista de M\u00e1s Vendidos en Amazon\u00a0en la categor\u00eda de gu\u00edas sexuales para hombres. Para contactarle [&hellip;]<\/p>\n","protected":false},"author":1,"featured_media":0,"parent":0,"menu_order":0,"comment_status":"closed","ping_status":"closed","template":"","meta":{"site-sidebar-layout":"default","site-content-layout":"default","ast-site-content-layout":"default","site-content-style":"default","site-sidebar-style":"default","ast-global-header-display":"","ast-banner-title-visibility":"","ast-main-header-display":"","ast-hfb-above-header-display":"","ast-hfb-below-header-display":"","ast-hfb-mobile-header-display":"","site-post-title":"","ast-breadcrumbs-content":"","ast-featured-img":"","footer-sml-layout":"","ast-disable-related-posts":"","theme-transparent-header-meta":"default","adv-header-id-meta":"","stick-header-meta":"","header-above-stick-meta":"","header-main-stick-meta":"","header-below-stick-meta":"","astra-migrate-meta-layouts":"set","ast-page-background-enabled":"default","ast-page-background-meta":{"desktop":{"background-color":"","background-image":"","background-repeat":"repeat","background-position":"center center","background-size":"auto","background-attachment":"scroll","background-type":"","background-media":"","overlay-type":"","overlay-color":"","overlay-opacity":"","overlay-gradient":""},"tablet":{"background-color":"","background-image":"","background-repeat":"repeat","background-position":"center center","background-size":"auto","background-attachment":"scroll","background-type":"","background-media":"","overlay-type":"","overlay-color":"","overlay-opacity":"","overlay-gradient":""},"mobile":{"background-color":"","background-image":"","background-repeat":"repeat","background-position":"center center","background-size":"auto","background-attachment":"scroll","background-type":"","background-media":"","overlay-type":"","overlay-color":"","overlay-opacity":"","overlay-gradient":""}},"ast-content-background-meta":{"desktop":{"background-color":"var(--ast-global-color-5)","background-image":"","background-repeat":"repeat","background-position":"center center","background-size":"auto","background-attachment":"scroll","background-type":"","background-media":"","overlay-type":"","overlay-color":"","overlay-opacity":"","overlay-gradient":""},"tablet":{"background-color":"var(--ast-global-color-5)","background-image":"","background-repeat":"repeat","background-position":"center center","background-size":"auto","background-attachment":"scroll","background-type":"","background-media":"","overlay-type":"","overlay-color":"","overlay-opacity":"","overlay-gradient":""},"mobile":{"background-color":"var(--ast-global-color-5)","background-image":"","background-repeat":"repeat","background-position":"center center","background-size":"auto","background-attachment":"scroll","background-type":"","background-media":"","overlay-type":"","overlay-color":"","overlay-opacity":"","overlay-gradient":""}},"footnotes":""},"class_list":["post-674","page","type-page","status-publish","hentry"],"yoast_head":"<!-- This site is optimized with the Yoast SEO plugin v27.5 - https:\/\/yoast.com\/product\/yoast-seo-wordpress\/ -->\n<title>Antonio Ferr\u00e1ndez Infante. P\u00e1gina Oficial | Ayrmed.com<\/title>\n<meta name=\"description\" content=\"Informaci\u00f3n sobre Antonio Ferr\u00e1ndez Infante, m\u00e9dico, escritor y conferenciante. Especialista en Sexolog\u00eda M\u00e9dica, Medicina Familiar y Acupuntura.\" \/>\n<meta name=\"robots\" content=\"index, follow, max-snippet:-1, max-image-preview:large, max-video-preview:-1\" \/>\n<link rel=\"canonical\" href=\"https:\/\/www.ayrmed.com\/editorial\/antonio-ferrandez-infante\/\" \/>\n<meta property=\"og:locale\" content=\"es_ES\" \/>\n<meta property=\"og:type\" content=\"article\" \/>\n<meta property=\"og:title\" content=\"Antonio Ferr\u00e1ndez Infante. P\u00e1gina Oficial | Ayrmed.com\" \/>\n<meta property=\"og:description\" content=\"Informaci\u00f3n sobre Antonio Ferr\u00e1ndez Infante, m\u00e9dico, escritor y conferenciante. Especialista en Sexolog\u00eda M\u00e9dica, Medicina Familiar y Acupuntura.\" \/>\n<meta property=\"og:url\" content=\"https:\/\/www.ayrmed.com\/editorial\/antonio-ferrandez-infante\/\" \/>\n<meta property=\"og:site_name\" content=\"Ayrmed.com\" \/>\n<meta property=\"article:publisher\" content=\"https:\/\/www.facebook.com\/Dr.AntonioFerrandez\/\" \/>\n<meta property=\"article:modified_time\" content=\"2025-11-16T11:18:47+00:00\" \/>\n<meta property=\"og:image\" content=\"https:\/\/www.ayrmed.com\/editorial\/wp-content\/uploads\/2015\/09\/foro4.jpg\" \/>\n\t<meta property=\"og:image:width\" content=\"500\" \/>\n\t<meta property=\"og:image:height\" content=\"375\" \/>\n\t<meta property=\"og:image:type\" content=\"image\/jpeg\" \/>\n<meta name=\"twitter:label1\" content=\"Tiempo de lectura\" \/>\n\t<meta name=\"twitter:data1\" content=\"3 minutos\" \/>\n<script type=\"application\/ld+json\" class=\"yoast-schema-graph\">{\"@context\":\"https:\\\/\\\/schema.org\",\"@graph\":[{\"@type\":\"WebPage\",\"@id\":\"https:\\\/\\\/www.ayrmed.com\\\/editorial\\\/antonio-ferrandez-infante\\\/\",\"url\":\"https:\\\/\\\/www.ayrmed.com\\\/editorial\\\/antonio-ferrandez-infante\\\/\",\"name\":\"Antonio Ferr\u00e1ndez Infante. P\u00e1gina Oficial | Ayrmed.com\",\"isPartOf\":{\"@id\":\"https:\\\/\\\/www.ayrmed.com\\\/editorial\\\/#website\"},\"primaryImageOfPage\":{\"@id\":\"https:\\\/\\\/www.ayrmed.com\\\/editorial\\\/antonio-ferrandez-infante\\\/#primaryimage\"},\"image\":{\"@id\":\"https:\\\/\\\/www.ayrmed.com\\\/editorial\\\/antonio-ferrandez-infante\\\/#primaryimage\"},\"thumbnailUrl\":\"https:\\\/\\\/www.ayrmed.com\\\/editorial\\\/wp-content\\\/uploads\\\/2015\\\/09\\\/foro4.jpg\",\"datePublished\":\"2019-01-28T12:55:50+00:00\",\"dateModified\":\"2025-11-16T11:18:47+00:00\",\"description\":\"Informaci\u00f3n sobre Antonio Ferr\u00e1ndez Infante, m\u00e9dico, escritor y conferenciante. Especialista en Sexolog\u00eda M\u00e9dica, Medicina Familiar y Acupuntura.\",\"breadcrumb\":{\"@id\":\"https:\\\/\\\/www.ayrmed.com\\\/editorial\\\/antonio-ferrandez-infante\\\/#breadcrumb\"},\"inLanguage\":\"es\",\"potentialAction\":[{\"@type\":\"ReadAction\",\"target\":[\"https:\\\/\\\/www.ayrmed.com\\\/editorial\\\/antonio-ferrandez-infante\\\/\"]}]},{\"@type\":\"ImageObject\",\"inLanguage\":\"es\",\"@id\":\"https:\\\/\\\/www.ayrmed.com\\\/editorial\\\/antonio-ferrandez-infante\\\/#primaryimage\",\"url\":\"https:\\\/\\\/www.ayrmed.com\\\/editorial\\\/wp-content\\\/uploads\\\/2015\\\/09\\\/foro4.jpg\",\"contentUrl\":\"https:\\\/\\\/www.ayrmed.com\\\/editorial\\\/wp-content\\\/uploads\\\/2015\\\/09\\\/foro4.jpg\",\"width\":500,\"height\":375,\"caption\":\"Antonio Ferr\u00e1ndez en el VII Foro Nacional de Salud Sexual 2018\"},{\"@type\":\"BreadcrumbList\",\"@id\":\"https:\\\/\\\/www.ayrmed.com\\\/editorial\\\/antonio-ferrandez-infante\\\/#breadcrumb\",\"itemListElement\":[{\"@type\":\"ListItem\",\"position\":1,\"name\":\"Portada\",\"item\":\"https:\\\/\\\/www.ayrmed.com\\\/editorial\\\/\"},{\"@type\":\"ListItem\",\"position\":2,\"name\":\"Antonio Ferr\u00e1ndez Infante\"}]},{\"@type\":\"WebSite\",\"@id\":\"https:\\\/\\\/www.ayrmed.com\\\/editorial\\\/#website\",\"url\":\"https:\\\/\\\/www.ayrmed.com\\\/editorial\\\/\",\"name\":\"Ayrmed.com\",\"description\":\"Avances y Renovaci\u00f3n en Medicina\",\"publisher\":{\"@id\":\"https:\\\/\\\/www.ayrmed.com\\\/editorial\\\/#organization\"},\"potentialAction\":[{\"@type\":\"SearchAction\",\"target\":{\"@type\":\"EntryPoint\",\"urlTemplate\":\"https:\\\/\\\/www.ayrmed.com\\\/editorial\\\/?s={search_term_string}\"},\"query-input\":{\"@type\":\"PropertyValueSpecification\",\"valueRequired\":true,\"valueName\":\"search_term_string\"}}],\"inLanguage\":\"es\"},{\"@type\":\"Organization\",\"@id\":\"https:\\\/\\\/www.ayrmed.com\\\/editorial\\\/#organization\",\"name\":\"Ayrmed.com\",\"url\":\"https:\\\/\\\/www.ayrmed.com\\\/editorial\\\/\",\"logo\":{\"@type\":\"ImageObject\",\"inLanguage\":\"es\",\"@id\":\"https:\\\/\\\/www.ayrmed.com\\\/editorial\\\/#\\\/schema\\\/logo\\\/image\\\/\",\"url\":\"https:\\\/\\\/www.ayrmed.com\\\/editorial\\\/wp-content\\\/uploads\\\/2020\\\/01\\\/cropped-logo-ayrmed-10.png\",\"contentUrl\":\"https:\\\/\\\/www.ayrmed.com\\\/editorial\\\/wp-content\\\/uploads\\\/2020\\\/01\\\/cropped-logo-ayrmed-10.png\",\"width\":462,\"height\":148,\"caption\":\"Ayrmed.com\"},\"image\":{\"@id\":\"https:\\\/\\\/www.ayrmed.com\\\/editorial\\\/#\\\/schema\\\/logo\\\/image\\\/\"},\"sameAs\":[\"https:\\\/\\\/www.facebook.com\\\/Dr.AntonioFerrandez\\\/\",\"https:\\\/\\\/x.com\\\/editorialayrmed\",\"https:\\\/\\\/www.linkedin.com\\\/in\\\/antonio-ferrandez-infante\\\/\",\"https:\\\/\\\/www.pinterest.es\\\/ayrmed\",\"https:\\\/\\\/www.youtube.com\\\/channel\\\/UCLTv0c5lrbhVHCij5-z835w\"]}]}<\/script>\n<!-- \/ Yoast SEO plugin. -->","yoast_head_json":{"title":"Antonio Ferr\u00e1ndez Infante. P\u00e1gina Oficial | Ayrmed.com","description":"Informaci\u00f3n sobre Antonio Ferr\u00e1ndez Infante, m\u00e9dico, escritor y conferenciante. Especialista en Sexolog\u00eda M\u00e9dica, Medicina Familiar y Acupuntura.","robots":{"index":"index","follow":"follow","max-snippet":"max-snippet:-1","max-image-preview":"max-image-preview:large","max-video-preview":"max-video-preview:-1"},"canonical":"https:\/\/www.ayrmed.com\/editorial\/antonio-ferrandez-infante\/","og_locale":"es_ES","og_type":"article","og_title":"Antonio Ferr\u00e1ndez Infante. P\u00e1gina Oficial | Ayrmed.com","og_description":"Informaci\u00f3n sobre Antonio Ferr\u00e1ndez Infante, m\u00e9dico, escritor y conferenciante. Especialista en Sexolog\u00eda M\u00e9dica, Medicina Familiar y Acupuntura.","og_url":"https:\/\/www.ayrmed.com\/editorial\/antonio-ferrandez-infante\/","og_site_name":"Ayrmed.com","article_publisher":"https:\/\/www.facebook.com\/Dr.AntonioFerrandez\/","article_modified_time":"2025-11-16T11:18:47+00:00","og_image":[{"width":500,"height":375,"url":"https:\/\/www.ayrmed.com\/editorial\/wp-content\/uploads\/2015\/09\/foro4.jpg","type":"image\/jpeg"}],"twitter_misc":{"Tiempo de lectura":"3 minutos"},"schema":{"@context":"https:\/\/schema.org","@graph":[{"@type":"WebPage","@id":"https:\/\/www.ayrmed.com\/editorial\/antonio-ferrandez-infante\/","url":"https:\/\/www.ayrmed.com\/editorial\/antonio-ferrandez-infante\/","name":"Antonio Ferr\u00e1ndez Infante. P\u00e1gina Oficial | Ayrmed.com","isPartOf":{"@id":"https:\/\/www.ayrmed.com\/editorial\/#website"},"primaryImageOfPage":{"@id":"https:\/\/www.ayrmed.com\/editorial\/antonio-ferrandez-infante\/#primaryimage"},"image":{"@id":"https:\/\/www.ayrmed.com\/editorial\/antonio-ferrandez-infante\/#primaryimage"},"thumbnailUrl":"https:\/\/www.ayrmed.com\/editorial\/wp-content\/uploads\/2015\/09\/foro4.jpg","datePublished":"2019-01-28T12:55:50+00:00","dateModified":"2025-11-16T11:18:47+00:00","description":"Informaci\u00f3n sobre Antonio Ferr\u00e1ndez Infante, m\u00e9dico, escritor y conferenciante. Especialista en Sexolog\u00eda M\u00e9dica, Medicina Familiar y Acupuntura.","breadcrumb":{"@id":"https:\/\/www.ayrmed.com\/editorial\/antonio-ferrandez-infante\/#breadcrumb"},"inLanguage":"es","potentialAction":[{"@type":"ReadAction","target":["https:\/\/www.ayrmed.com\/editorial\/antonio-ferrandez-infante\/"]}]},{"@type":"ImageObject","inLanguage":"es","@id":"https:\/\/www.ayrmed.com\/editorial\/antonio-ferrandez-infante\/#primaryimage","url":"https:\/\/www.ayrmed.com\/editorial\/wp-content\/uploads\/2015\/09\/foro4.jpg","contentUrl":"https:\/\/www.ayrmed.com\/editorial\/wp-content\/uploads\/2015\/09\/foro4.jpg","width":500,"height":375,"caption":"Antonio Ferr\u00e1ndez en el VII Foro Nacional de Salud Sexual 2018"},{"@type":"BreadcrumbList","@id":"https:\/\/www.ayrmed.com\/editorial\/antonio-ferrandez-infante\/#breadcrumb","itemListElement":[{"@type":"ListItem","position":1,"name":"Portada","item":"https:\/\/www.ayrmed.com\/editorial\/"},{"@type":"ListItem","position":2,"name":"Antonio Ferr\u00e1ndez Infante"}]},{"@type":"WebSite","@id":"https:\/\/www.ayrmed.com\/editorial\/#website","url":"https:\/\/www.ayrmed.com\/editorial\/","name":"Ayrmed.com","description":"Avances y Renovaci\u00f3n en Medicina","publisher":{"@id":"https:\/\/www.ayrmed.com\/editorial\/#organization"},"potentialAction":[{"@type":"SearchAction","target":{"@type":"EntryPoint","urlTemplate":"https:\/\/www.ayrmed.com\/editorial\/?s={search_term_string}"},"query-input":{"@type":"PropertyValueSpecification","valueRequired":true,"valueName":"search_term_string"}}],"inLanguage":"es"},{"@type":"Organization","@id":"https:\/\/www.ayrmed.com\/editorial\/#organization","name":"Ayrmed.com","url":"https:\/\/www.ayrmed.com\/editorial\/","logo":{"@type":"ImageObject","inLanguage":"es","@id":"https:\/\/www.ayrmed.com\/editorial\/#\/schema\/logo\/image\/","url":"https:\/\/www.ayrmed.com\/editorial\/wp-content\/uploads\/2020\/01\/cropped-logo-ayrmed-10.png","contentUrl":"https:\/\/www.ayrmed.com\/editorial\/wp-content\/uploads\/2020\/01\/cropped-logo-ayrmed-10.png","width":462,"height":148,"caption":"Ayrmed.com"},"image":{"@id":"https:\/\/www.ayrmed.com\/editorial\/#\/schema\/logo\/image\/"},"sameAs":["https:\/\/www.facebook.com\/Dr.AntonioFerrandez\/","https:\/\/x.com\/editorialayrmed","https:\/\/www.linkedin.com\/in\/antonio-ferrandez-infante\/","https:\/\/www.pinterest.es\/ayrmed","https:\/\/www.youtube.com\/channel\/UCLTv0c5lrbhVHCij5-z835w"]}]}},"_links":{"self":[{"href":"https:\/\/www.ayrmed.com\/editorial\/wp-json\/wp\/v2\/pages\/674","targetHints":{"allow":["GET"]}}],"collection":[{"href":"https:\/\/www.ayrmed.com\/editorial\/wp-json\/wp\/v2\/pages"}],"about":[{"href":"https:\/\/www.ayrmed.com\/editorial\/wp-json\/wp\/v2\/types\/page"}],"author":[{"embeddable":true,"href":"https:\/\/www.ayrmed.com\/editorial\/wp-json\/wp\/v2\/users\/1"}],"replies":[{"embeddable":true,"href":"https:\/\/www.ayrmed.com\/editorial\/wp-json\/wp\/v2\/comments?post=674"}],"version-history":[{"count":19,"href":"https:\/\/www.ayrmed.com\/editorial\/wp-json\/wp\/v2\/pages\/674\/revisions"}],"predecessor-version":[{"id":266999,"href":"https:\/\/www.ayrmed.com\/editorial\/wp-json\/wp\/v2\/pages\/674\/revisions\/266999"}],"wp:attachment":[{"href":"https:\/\/www.ayrmed.com\/editorial\/wp-json\/wp\/v2\/media?parent=674"}],"curies":[{"name":"wp","href":"https:\/\/api.w.org\/{rel}","templated":true}]}}