{"id":266876,"date":"2025-04-02T15:29:57","date_gmt":"2025-04-02T14:29:57","guid":{"rendered":"https:\/\/www.ayrmed.com\/editorial\/?page_id=266876"},"modified":"2025-11-15T11:50:11","modified_gmt":"2025-11-15T10:50:11","slug":"libro-salud-mujer-joven","status":"publish","type":"page","link":"https:\/\/www.ayrmed.com\/editorial\/libro-salud-mujer-joven\/","title":{"rendered":"Libro: Mujer de 20 y 30 SUPERSALUDABLE"},"content":{"rendered":"<p>El libro que te ayuda a ser feliz y supersaludable de por vida. La \u00faltima obra del Dr. Antonio Ferr\u00e1ndez (MD &#8211; PhD) aborda aspectos de la salud femenina que se omiten en las consultas convencionales (<a href=\"https:\/\/www.ayrmed.com\/editorial\/libro-salud-mujer-joven\/#Indice\">Ver \u00cdndice<\/a>).<\/p>\n<p style=\"text-align: center;\"><span style=\"color: #339966;\"><strong>Ya a la venta en Amazon<\/strong><\/span><\/p>\n<p style=\"text-align: center;\"><strong><a href=\"https:\/\/amzn.to\/3QV2cc6\">Amazon.es<\/a> <span style=\"color: #339966;\">&lt;&lt; Comprar &gt;&gt;<\/span> <a href=\"https:\/\/www.amazon.com\/dp\/B0F324YWKN\">Amazon.com<\/a><\/strong><\/p>\n<p style=\"text-align: center;\"><strong><a href=\"https:\/\/amzn.to\/3QV2cc6\">Amazon.es<\/a> <span style=\"color: #339966;\">&lt;&lt; Rese\u00f1ar &gt;&gt;<\/span> <a href=\"https:\/\/www.amazon.com\/dp\/B0F324YWKN\">Amazon.com<\/a><\/strong><\/p>\n<div class=\"lyte-wrapper\" style=\"width:420px;max-width:100%;margin:5px auto;\"><div class=\"lyMe\" id=\"WYL_SguLRzt_1cw\"><div id=\"lyte_SguLRzt_1cw\" data-src=\"\/\/i.ytimg.com\/vi\/SguLRzt_1cw\/hqdefault.jpg\" class=\"pL\"><div class=\"tC\"><div class=\"tT\"><\/div><\/div><div class=\"play\"><\/div><div class=\"ctrl\"><div class=\"Lctrl\"><\/div><div class=\"Rctrl\"><\/div><\/div><\/div><noscript><a href=\"https:\/\/youtu.be\/SguLRzt_1cw\" rel=\"nofollow\"><img loading=\"lazy\" decoding=\"async\" src=\"https:\/\/i.ytimg.com\/vi\/SguLRzt_1cw\/0.jpg\" alt=\"YouTube video thumbnail\" width=\"420\" height=\"216\" \/><br \/>Ver este v\u00eddeo en YouTube<\/a><\/noscript><\/div><\/div><div class=\"lL\" style=\"max-width:100%;width:420px;margin:5px auto;\"><\/div><\/p>\n<h1><span class=\"ez-toc-section\" id=\"Libro_sobre_salud_de_la_Mujer_Joven\"><\/span>Libro sobre salud de la Mujer Joven<span class=\"ez-toc-section-end\"><\/span><\/h1>\n<h2><span class=\"ez-toc-section\" id=\"Una_etapa_critica\"><\/span>Una etapa cr\u00edtica<span class=\"ez-toc-section-end\"><\/span><\/h2>\n<p>Generalmente se considera que las mujeres de entre 18 y 40 a\u00f1os gozan de buena salud, y esta idea preconcebida a menudo lleva a dejar sus necesidades en segundo plano dentro de las prioridades m\u00e9dicas. Sin embargo, en esta etapa la mujer s\u00ed tiene problemas, y adem\u00e1s \u201cse la juega\u201d para poder obtener una salud s\u00f3lida que dure toda la vida a trav\u00e9s del bienestar f\u00edsico, mental y social.<br \/>\nFrente a los discursos de influencers que intentan que compres sus suplementos y productos de belleza, y a las consultas fr\u00edas y aburridas de especialistas que aplican protocolos r\u00edgidos a todas por igual, este libro va mucho m\u00e1s all\u00e1.<\/p>\n<h2><span class=\"ez-toc-section\" id=\"Teoria_y_practica\"><\/span>Teor\u00eda y pr\u00e1ctica<span class=\"ez-toc-section-end\"><\/span><\/h2>\n<p>M\u00e9todos que realmente sirven para maximizar tu salud y est\u00e9tica natural, claves para reconocer a las personas que aportan valor a tu vida y tambi\u00e9n a las que deber\u00edas desechar, ideas para divertirte de formas que te impulsan a crecer interiormente, t\u00e9cnicas para evitar la ansiedad manteniendo un estado de \u00e1nimo feliz y equilibrado, y herramientas para potenciar tu \u00e9xito profesional en cualquier \u00e1mbito que elijas.<\/p>\n<h2><span class=\"ez-toc-section\" id=\"Enfoque_preventivo\"><\/span>Enfoque preventivo<span class=\"ez-toc-section-end\"><\/span><\/h2>\n<p>Con un enfoque preventivo y hol\u00edstico actualizado para los tiempos actuales, esta obra te ofrece conocimientos y pautas determinantes que rara vez se abordan en las consultas, y que te encaminan a destacar en salud, belleza y bienestar relacional, alej\u00e1ndote de la mediocridad.<br \/>\nM\u00e1s que un libro, tienes ante ti una carta de navegaci\u00f3n para lograr el verdadero empoderamiento femenino que puede hacer que tu \u201cPrime\u201d no acabe nunca.<\/p>\n<h2><span class=\"ez-toc-section\" id=\"Sobre_el_autor\"><\/span>Sobre el autor<span class=\"ez-toc-section-end\"><\/span><\/h2>\n<p>Antonio Ferr\u00e1ndez es Doctor en Medicina (MD \u2013 PhD) y especialista en Medicina Familiar, Sexolog\u00eda y Pareja, con experiencia cl\u00ednica, docente e investigadora desde 2001. M\u00e1s informaci\u00f3n sobre su curriculum <a href=\"https:\/\/www.ayrmed.com\/editorial\/antonio-ferrandez-infante\/\" target=\"_blank\" rel=\"noopener\">aqu\u00ed<\/a>.<\/p>\n<p style=\"text-align: center;\"><img loading=\"lazy\" decoding=\"async\" class=\"alignnone size-full wp-image-266879\" src=\"https:\/\/www.ayrmed.com\/editorial\/wp-content\/uploads\/2025\/04\/Portada-3D-SUPERSALUDABLE-Fondo-transparente-500x500-1.png\" alt=\"Libro salud mujer\" width=\"500\" height=\"500\" srcset=\"https:\/\/www.ayrmed.com\/editorial\/wp-content\/uploads\/2025\/04\/Portada-3D-SUPERSALUDABLE-Fondo-transparente-500x500-1.png 500w, https:\/\/www.ayrmed.com\/editorial\/wp-content\/uploads\/2025\/04\/Portada-3D-SUPERSALUDABLE-Fondo-transparente-500x500-1-300x300.png 300w, https:\/\/www.ayrmed.com\/editorial\/wp-content\/uploads\/2025\/04\/Portada-3D-SUPERSALUDABLE-Fondo-transparente-500x500-1-150x150.png 150w\" sizes=\"auto, (max-width: 500px) 100vw, 500px\" \/><\/p>\n<h2 style=\"text-align: center;\"><span class=\"ez-toc-section\" id=\"Indice\"><\/span>\u00cdndice<span class=\"ez-toc-section-end\"><\/span><\/h2>\n<p><strong>I. POR QU\u00c9 DEBER\u00cdAS LEER ESTE LIBRO<\/strong><br \/>\nQuien soy<br \/>\nEdad Crucial y Cr\u00edtica<\/p>\n<p><strong>II. S\u00daPER SALUD<\/strong><br \/>\nLo que no te cuentan en la consulta<br \/>\nAutoayuda Real<br \/>\nM\u00e1s all\u00e1 de las Infecciones de Transmisi\u00f3n Sexual<br \/>\nM\u00e1s all\u00e1 de la Anticoncepci\u00f3n<br \/>\nM\u00e1s all\u00e1 del Deseo de Descendencia<br \/>\nM\u00e1s all\u00e1 del alcohol<br \/>\nM\u00e1s all\u00e1 del tabaco, los porros y otras drogas<br \/>\nM\u00e1s all\u00e1 de los tatuajes y piercings<\/p>\n<p><strong>III. S\u00daPER FIT<\/strong><br \/>\nConsejos diet\u00e9ticos radicales<br \/>\nEjercicio f\u00edsico de eficiencia extrema<br \/>\nCombate<br \/>\nDale desde ya al suelo p\u00e9lvico<\/p>\n<p><strong>IV. EMPODERAMIENTO SENTIMENTAL<\/strong><br \/>\nAcertar en las amistades<br \/>\nNo equivocarse en el amor<br \/>\nNecesitas saber esto de los \u201cchicos malos\u201d<br \/>\nSugar daddy<br \/>\nAprende a Negarte<br \/>\n\u00bfHipergamia o Lealtad?<br \/>\n\u00bfCasarse o no casarse?<\/p>\n<p><strong>V. S\u00daPER SALUD EMOCIONAL<\/strong><br \/>\nTe presento a una amiga muy especial<br \/>\nNecesitas Respirar<br \/>\nNecesitas Recapitular<br \/>\nNecesitas una \u00c9tica<br \/>\nNecesitas Divertirte<br \/>\nEvita estos Terrifiers<\/p>\n<p><strong>EP\u00cdLOGO<\/strong><\/p>\n<div id=\"ez-toc-container\" class=\"ez-toc-v2_0_83 counter-hierarchy ez-toc-counter ez-toc-grey ez-toc-container-direction\">\n<div class=\"ez-toc-title-container\"><p class=\"ez-toc-title\" style=\"cursor:inherit\">\u00bfQu\u00e9 encontrar\u00e1 aqu\u00ed?<\/p>\n<\/div><nav><ul class='ez-toc-list ez-toc-list-level-1 ' ><li class='ez-toc-page-1 ez-toc-heading-level-1'><a class=\"ez-toc-link ez-toc-heading-1\" href=\"https:\/\/www.ayrmed.com\/editorial\/libro-salud-mujer-joven\/#Libro_sobre_salud_de_la_Mujer_Joven\" >Libro sobre salud de la Mujer Joven<\/a><ul class='ez-toc-list-level-2' ><li class='ez-toc-heading-level-2'><a class=\"ez-toc-link ez-toc-heading-2\" href=\"https:\/\/www.ayrmed.com\/editorial\/libro-salud-mujer-joven\/#Una_etapa_critica\" >Una etapa cr\u00edtica<\/a><\/li><li class='ez-toc-page-1 ez-toc-heading-level-2'><a class=\"ez-toc-link ez-toc-heading-3\" href=\"https:\/\/www.ayrmed.com\/editorial\/libro-salud-mujer-joven\/#Teoria_y_practica\" >Teor\u00eda y pr\u00e1ctica<\/a><\/li><li class='ez-toc-page-1 ez-toc-heading-level-2'><a class=\"ez-toc-link ez-toc-heading-4\" href=\"https:\/\/www.ayrmed.com\/editorial\/libro-salud-mujer-joven\/#Enfoque_preventivo\" >Enfoque preventivo<\/a><\/li><li class='ez-toc-page-1 ez-toc-heading-level-2'><a class=\"ez-toc-link ez-toc-heading-5\" href=\"https:\/\/www.ayrmed.com\/editorial\/libro-salud-mujer-joven\/#Sobre_el_autor\" >Sobre el autor<\/a><\/li><li class='ez-toc-page-1 ez-toc-heading-level-2'><a class=\"ez-toc-link ez-toc-heading-6\" href=\"https:\/\/www.ayrmed.com\/editorial\/libro-salud-mujer-joven\/#Indice\" >\u00cdndice<\/a><\/li><\/ul><\/li><\/ul><\/nav><\/div>\n","protected":false},"excerpt":{"rendered":"<p>El libro que te ayuda a ser feliz y supersaludable de por vida. La \u00faltima obra del Dr. Antonio Ferr\u00e1ndez (MD &#8211; PhD) aborda aspectos de la salud femenina que se omiten en las consultas convencionales (Ver \u00cdndice). Ya a la venta en Amazon Amazon.es &lt;&lt; Comprar &gt;&gt; Amazon.com Amazon.es &lt;&lt; Rese\u00f1ar &gt;&gt; Amazon.com Ver [&hellip;]<\/p>\n","protected":false},"author":1,"featured_media":0,"parent":0,"menu_order":0,"comment_status":"closed","ping_status":"closed","template":"","meta":{"site-sidebar-layout":"default","site-content-layout":"","ast-site-content-layout":"default","site-content-style":"default","site-sidebar-style":"default","ast-global-header-display":"","ast-banner-title-visibility":"","ast-main-header-display":"","ast-hfb-above-header-display":"","ast-hfb-below-header-display":"","ast-hfb-mobile-header-display":"","site-post-title":"","ast-breadcrumbs-content":"","ast-featured-img":"","footer-sml-layout":"","ast-disable-related-posts":"","theme-transparent-header-meta":"default","adv-header-id-meta":"","stick-header-meta":"","header-above-stick-meta":"","header-main-stick-meta":"","header-below-stick-meta":"","astra-migrate-meta-layouts":"set","ast-page-background-enabled":"default","ast-page-background-meta":{"desktop":{"background-color":"","background-image":"","background-repeat":"repeat","background-position":"center center","background-size":"auto","background-attachment":"scroll","background-type":"","background-media":"","overlay-type":"","overlay-color":"","overlay-opacity":"","overlay-gradient":""},"tablet":{"background-color":"","background-image":"","background-repeat":"repeat","background-position":"center center","background-size":"auto","background-attachment":"scroll","background-type":"","background-media":"","overlay-type":"","overlay-color":"","overlay-opacity":"","overlay-gradient":""},"mobile":{"background-color":"","background-image":"","background-repeat":"repeat","background-position":"center center","background-size":"auto","background-attachment":"scroll","background-type":"","background-media":"","overlay-type":"","overlay-color":"","overlay-opacity":"","overlay-gradient":""}},"ast-content-background-meta":{"desktop":{"background-color":"var(--ast-global-color-5)","background-image":"","background-repeat":"repeat","background-position":"center center","background-size":"auto","background-attachment":"scroll","background-type":"","background-media":"","overlay-type":"","overlay-color":"","overlay-opacity":"","overlay-gradient":""},"tablet":{"background-color":"var(--ast-global-color-5)","background-image":"","background-repeat":"repeat","background-position":"center center","background-size":"auto","background-attachment":"scroll","background-type":"","background-media":"","overlay-type":"","overlay-color":"","overlay-opacity":"","overlay-gradient":""},"mobile":{"background-color":"var(--ast-global-color-5)","background-image":"","background-repeat":"repeat","background-position":"center center","background-size":"auto","background-attachment":"scroll","background-type":"","background-media":"","overlay-type":"","overlay-color":"","overlay-opacity":"","overlay-gradient":""}},"footnotes":""},"class_list":["post-266876","page","type-page","status-publish","hentry"],"yoast_head":"<!-- This site is optimized with the Yoast SEO plugin v27.5 - https:\/\/yoast.com\/product\/yoast-seo-wordpress\/ -->\n<title>Salud de la Mujer | Libro para j\u00f3venes de 18 a 40 y pico a\u00f1os<\/title>\n<meta name=\"description\" content=\"El libro que las mujeres j\u00f3venes estaban esperando. Al fin se priorizan los temas de su salud que realmente importan de forma \u00fatil y efectiva\" \/>\n<meta name=\"robots\" content=\"index, follow, max-snippet:-1, max-image-preview:large, max-video-preview:-1\" \/>\n<link rel=\"canonical\" href=\"https:\/\/www.ayrmed.com\/editorial\/libro-salud-mujer-joven\/\" \/>\n<meta property=\"og:locale\" content=\"es_ES\" \/>\n<meta property=\"og:type\" content=\"article\" \/>\n<meta property=\"og:title\" content=\"Salud de la Mujer | Libro para j\u00f3venes de 18 a 40 y pico a\u00f1os\" \/>\n<meta property=\"og:description\" content=\"El libro que las mujeres j\u00f3venes estaban esperando. Al fin se priorizan los temas de su salud que realmente importan de forma \u00fatil y efectiva\" \/>\n<meta property=\"og:url\" content=\"https:\/\/www.ayrmed.com\/editorial\/libro-salud-mujer-joven\/\" \/>\n<meta property=\"og:site_name\" content=\"Ayrmed.com\" \/>\n<meta property=\"article:publisher\" content=\"https:\/\/www.facebook.com\/Dr.AntonioFerrandez\/\" \/>\n<meta property=\"article:modified_time\" content=\"2025-11-15T10:50:11+00:00\" \/>\n<meta property=\"og:image\" content=\"https:\/\/www.ayrmed.com\/editorial\/wp-content\/uploads\/2025\/04\/Portada-3D-SUPERSALUDABLE-Fondo-transparente-500x500-1.png\" \/>\n\t<meta property=\"og:image:width\" content=\"500\" \/>\n\t<meta property=\"og:image:height\" content=\"500\" \/>\n\t<meta property=\"og:image:type\" content=\"image\/png\" \/>\n<meta name=\"twitter:label1\" content=\"Tiempo de lectura\" \/>\n\t<meta name=\"twitter:data1\" content=\"3 minutos\" \/>\n<script type=\"application\/ld+json\" class=\"yoast-schema-graph\">{\"@context\":\"https:\\\/\\\/schema.org\",\"@graph\":[{\"@type\":\"WebPage\",\"@id\":\"https:\\\/\\\/www.ayrmed.com\\\/editorial\\\/libro-salud-mujer-joven\\\/\",\"url\":\"https:\\\/\\\/www.ayrmed.com\\\/editorial\\\/libro-salud-mujer-joven\\\/\",\"name\":\"Salud de la Mujer | Libro para j\u00f3venes de 18 a 40 y pico a\u00f1os\",\"isPartOf\":{\"@id\":\"https:\\\/\\\/www.ayrmed.com\\\/editorial\\\/#website\"},\"primaryImageOfPage\":{\"@id\":\"https:\\\/\\\/www.ayrmed.com\\\/editorial\\\/libro-salud-mujer-joven\\\/#primaryimage\"},\"image\":{\"@id\":\"https:\\\/\\\/www.ayrmed.com\\\/editorial\\\/libro-salud-mujer-joven\\\/#primaryimage\"},\"thumbnailUrl\":\"https:\\\/\\\/www.ayrmed.com\\\/editorial\\\/wp-content\\\/uploads\\\/2025\\\/04\\\/Portada-3D-SUPERSALUDABLE-Fondo-transparente-500x500-1.png\",\"datePublished\":\"2025-04-02T14:29:57+00:00\",\"dateModified\":\"2025-11-15T10:50:11+00:00\",\"description\":\"El libro que las mujeres j\u00f3venes estaban esperando. Al fin se priorizan los temas de su salud que realmente importan de forma \u00fatil y efectiva\",\"breadcrumb\":{\"@id\":\"https:\\\/\\\/www.ayrmed.com\\\/editorial\\\/libro-salud-mujer-joven\\\/#breadcrumb\"},\"inLanguage\":\"es\",\"potentialAction\":[{\"@type\":\"ReadAction\",\"target\":[\"https:\\\/\\\/www.ayrmed.com\\\/editorial\\\/libro-salud-mujer-joven\\\/\"]}]},{\"@type\":\"ImageObject\",\"inLanguage\":\"es\",\"@id\":\"https:\\\/\\\/www.ayrmed.com\\\/editorial\\\/libro-salud-mujer-joven\\\/#primaryimage\",\"url\":\"https:\\\/\\\/www.ayrmed.com\\\/editorial\\\/wp-content\\\/uploads\\\/2025\\\/04\\\/Portada-3D-SUPERSALUDABLE-Fondo-transparente-500x500-1.png\",\"contentUrl\":\"https:\\\/\\\/www.ayrmed.com\\\/editorial\\\/wp-content\\\/uploads\\\/2025\\\/04\\\/Portada-3D-SUPERSALUDABLE-Fondo-transparente-500x500-1.png\",\"width\":500,\"height\":500,\"caption\":\"Libro salud mujer\"},{\"@type\":\"BreadcrumbList\",\"@id\":\"https:\\\/\\\/www.ayrmed.com\\\/editorial\\\/libro-salud-mujer-joven\\\/#breadcrumb\",\"itemListElement\":[{\"@type\":\"ListItem\",\"position\":1,\"name\":\"Portada\",\"item\":\"https:\\\/\\\/www.ayrmed.com\\\/editorial\\\/\"},{\"@type\":\"ListItem\",\"position\":2,\"name\":\"Libro: Mujer de 20 y 30 SUPERSALUDABLE\"}]},{\"@type\":\"WebSite\",\"@id\":\"https:\\\/\\\/www.ayrmed.com\\\/editorial\\\/#website\",\"url\":\"https:\\\/\\\/www.ayrmed.com\\\/editorial\\\/\",\"name\":\"Ayrmed.com\",\"description\":\"Avances y Renovaci\u00f3n en Medicina\",\"publisher\":{\"@id\":\"https:\\\/\\\/www.ayrmed.com\\\/editorial\\\/#organization\"},\"potentialAction\":[{\"@type\":\"SearchAction\",\"target\":{\"@type\":\"EntryPoint\",\"urlTemplate\":\"https:\\\/\\\/www.ayrmed.com\\\/editorial\\\/?s={search_term_string}\"},\"query-input\":{\"@type\":\"PropertyValueSpecification\",\"valueRequired\":true,\"valueName\":\"search_term_string\"}}],\"inLanguage\":\"es\"},{\"@type\":\"Organization\",\"@id\":\"https:\\\/\\\/www.ayrmed.com\\\/editorial\\\/#organization\",\"name\":\"Ayrmed.com\",\"url\":\"https:\\\/\\\/www.ayrmed.com\\\/editorial\\\/\",\"logo\":{\"@type\":\"ImageObject\",\"inLanguage\":\"es\",\"@id\":\"https:\\\/\\\/www.ayrmed.com\\\/editorial\\\/#\\\/schema\\\/logo\\\/image\\\/\",\"url\":\"https:\\\/\\\/www.ayrmed.com\\\/editorial\\\/wp-content\\\/uploads\\\/2020\\\/01\\\/cropped-logo-ayrmed-10.png\",\"contentUrl\":\"https:\\\/\\\/www.ayrmed.com\\\/editorial\\\/wp-content\\\/uploads\\\/2020\\\/01\\\/cropped-logo-ayrmed-10.png\",\"width\":462,\"height\":148,\"caption\":\"Ayrmed.com\"},\"image\":{\"@id\":\"https:\\\/\\\/www.ayrmed.com\\\/editorial\\\/#\\\/schema\\\/logo\\\/image\\\/\"},\"sameAs\":[\"https:\\\/\\\/www.facebook.com\\\/Dr.AntonioFerrandez\\\/\",\"https:\\\/\\\/x.com\\\/editorialayrmed\",\"https:\\\/\\\/www.linkedin.com\\\/in\\\/antonio-ferrandez-infante\\\/\",\"https:\\\/\\\/www.pinterest.es\\\/ayrmed\",\"https:\\\/\\\/www.youtube.com\\\/channel\\\/UCLTv0c5lrbhVHCij5-z835w\"]}]}<\/script>\n<!-- \/ Yoast SEO plugin. -->","yoast_head_json":{"title":"Salud de la Mujer | Libro para j\u00f3venes de 18 a 40 y pico a\u00f1os","description":"El libro que las mujeres j\u00f3venes estaban esperando. Al fin se priorizan los temas de su salud que realmente importan de forma \u00fatil y efectiva","robots":{"index":"index","follow":"follow","max-snippet":"max-snippet:-1","max-image-preview":"max-image-preview:large","max-video-preview":"max-video-preview:-1"},"canonical":"https:\/\/www.ayrmed.com\/editorial\/libro-salud-mujer-joven\/","og_locale":"es_ES","og_type":"article","og_title":"Salud de la Mujer | Libro para j\u00f3venes de 18 a 40 y pico a\u00f1os","og_description":"El libro que las mujeres j\u00f3venes estaban esperando. Al fin se priorizan los temas de su salud que realmente importan de forma \u00fatil y efectiva","og_url":"https:\/\/www.ayrmed.com\/editorial\/libro-salud-mujer-joven\/","og_site_name":"Ayrmed.com","article_publisher":"https:\/\/www.facebook.com\/Dr.AntonioFerrandez\/","article_modified_time":"2025-11-15T10:50:11+00:00","og_image":[{"width":500,"height":500,"url":"https:\/\/www.ayrmed.com\/editorial\/wp-content\/uploads\/2025\/04\/Portada-3D-SUPERSALUDABLE-Fondo-transparente-500x500-1.png","type":"image\/png"}],"twitter_misc":{"Tiempo de lectura":"3 minutos"},"schema":{"@context":"https:\/\/schema.org","@graph":[{"@type":"WebPage","@id":"https:\/\/www.ayrmed.com\/editorial\/libro-salud-mujer-joven\/","url":"https:\/\/www.ayrmed.com\/editorial\/libro-salud-mujer-joven\/","name":"Salud de la Mujer | Libro para j\u00f3venes de 18 a 40 y pico a\u00f1os","isPartOf":{"@id":"https:\/\/www.ayrmed.com\/editorial\/#website"},"primaryImageOfPage":{"@id":"https:\/\/www.ayrmed.com\/editorial\/libro-salud-mujer-joven\/#primaryimage"},"image":{"@id":"https:\/\/www.ayrmed.com\/editorial\/libro-salud-mujer-joven\/#primaryimage"},"thumbnailUrl":"https:\/\/www.ayrmed.com\/editorial\/wp-content\/uploads\/2025\/04\/Portada-3D-SUPERSALUDABLE-Fondo-transparente-500x500-1.png","datePublished":"2025-04-02T14:29:57+00:00","dateModified":"2025-11-15T10:50:11+00:00","description":"El libro que las mujeres j\u00f3venes estaban esperando. Al fin se priorizan los temas de su salud que realmente importan de forma \u00fatil y efectiva","breadcrumb":{"@id":"https:\/\/www.ayrmed.com\/editorial\/libro-salud-mujer-joven\/#breadcrumb"},"inLanguage":"es","potentialAction":[{"@type":"ReadAction","target":["https:\/\/www.ayrmed.com\/editorial\/libro-salud-mujer-joven\/"]}]},{"@type":"ImageObject","inLanguage":"es","@id":"https:\/\/www.ayrmed.com\/editorial\/libro-salud-mujer-joven\/#primaryimage","url":"https:\/\/www.ayrmed.com\/editorial\/wp-content\/uploads\/2025\/04\/Portada-3D-SUPERSALUDABLE-Fondo-transparente-500x500-1.png","contentUrl":"https:\/\/www.ayrmed.com\/editorial\/wp-content\/uploads\/2025\/04\/Portada-3D-SUPERSALUDABLE-Fondo-transparente-500x500-1.png","width":500,"height":500,"caption":"Libro salud mujer"},{"@type":"BreadcrumbList","@id":"https:\/\/www.ayrmed.com\/editorial\/libro-salud-mujer-joven\/#breadcrumb","itemListElement":[{"@type":"ListItem","position":1,"name":"Portada","item":"https:\/\/www.ayrmed.com\/editorial\/"},{"@type":"ListItem","position":2,"name":"Libro: Mujer de 20 y 30 SUPERSALUDABLE"}]},{"@type":"WebSite","@id":"https:\/\/www.ayrmed.com\/editorial\/#website","url":"https:\/\/www.ayrmed.com\/editorial\/","name":"Ayrmed.com","description":"Avances y Renovaci\u00f3n en Medicina","publisher":{"@id":"https:\/\/www.ayrmed.com\/editorial\/#organization"},"potentialAction":[{"@type":"SearchAction","target":{"@type":"EntryPoint","urlTemplate":"https:\/\/www.ayrmed.com\/editorial\/?s={search_term_string}"},"query-input":{"@type":"PropertyValueSpecification","valueRequired":true,"valueName":"search_term_string"}}],"inLanguage":"es"},{"@type":"Organization","@id":"https:\/\/www.ayrmed.com\/editorial\/#organization","name":"Ayrmed.com","url":"https:\/\/www.ayrmed.com\/editorial\/","logo":{"@type":"ImageObject","inLanguage":"es","@id":"https:\/\/www.ayrmed.com\/editorial\/#\/schema\/logo\/image\/","url":"https:\/\/www.ayrmed.com\/editorial\/wp-content\/uploads\/2020\/01\/cropped-logo-ayrmed-10.png","contentUrl":"https:\/\/www.ayrmed.com\/editorial\/wp-content\/uploads\/2020\/01\/cropped-logo-ayrmed-10.png","width":462,"height":148,"caption":"Ayrmed.com"},"image":{"@id":"https:\/\/www.ayrmed.com\/editorial\/#\/schema\/logo\/image\/"},"sameAs":["https:\/\/www.facebook.com\/Dr.AntonioFerrandez\/","https:\/\/x.com\/editorialayrmed","https:\/\/www.linkedin.com\/in\/antonio-ferrandez-infante\/","https:\/\/www.pinterest.es\/ayrmed","https:\/\/www.youtube.com\/channel\/UCLTv0c5lrbhVHCij5-z835w"]}]}},"_links":{"self":[{"href":"https:\/\/www.ayrmed.com\/editorial\/wp-json\/wp\/v2\/pages\/266876","targetHints":{"allow":["GET"]}}],"collection":[{"href":"https:\/\/www.ayrmed.com\/editorial\/wp-json\/wp\/v2\/pages"}],"about":[{"href":"https:\/\/www.ayrmed.com\/editorial\/wp-json\/wp\/v2\/types\/page"}],"author":[{"embeddable":true,"href":"https:\/\/www.ayrmed.com\/editorial\/wp-json\/wp\/v2\/users\/1"}],"replies":[{"embeddable":true,"href":"https:\/\/www.ayrmed.com\/editorial\/wp-json\/wp\/v2\/comments?post=266876"}],"version-history":[{"count":9,"href":"https:\/\/www.ayrmed.com\/editorial\/wp-json\/wp\/v2\/pages\/266876\/revisions"}],"predecessor-version":[{"id":266995,"href":"https:\/\/www.ayrmed.com\/editorial\/wp-json\/wp\/v2\/pages\/266876\/revisions\/266995"}],"wp:attachment":[{"href":"https:\/\/www.ayrmed.com\/editorial\/wp-json\/wp\/v2\/media?parent=266876"}],"curies":[{"name":"wp","href":"https:\/\/api.w.org\/{rel}","templated":true}]}}