{"id":1729,"date":"2019-12-16T09:02:01","date_gmt":"2019-12-16T08:02:01","guid":{"rendered":"https:\/\/www.ayrmed.com\/editorial\/?page_id=1729"},"modified":"2025-09-28T10:02:02","modified_gmt":"2025-09-28T09:02:02","slug":"tools","status":"publish","type":"page","link":"https:\/\/www.ayrmed.com\/editorial\/","title":{"rendered":""},"content":{"rendered":"<h3 style=\"text-align: center;\"><span style=\"color: #000000;\"><strong>Web Oficial<\/strong><\/span><\/h3>\n<h3 style=\"text-align: center;\"><span style=\"color: #ff0000;\">Dr. Antonio Ferr\u00e1ndez MD &#8211; PhD<\/span><\/h3>\n<h3 style=\"text-align: center;\"><span style=\"color: #000000;\">Comunidad de Email<\/span><\/h3>\n<h3 style=\"text-align: center;\"><span style=\"color: #000000;\">\ud83d\udc47Aqu\u00ed soy yo sin censura\ud83d\udc47<\/span><\/h3>\n<p style=\"text-align: center;\"><img loading=\"lazy\" decoding=\"async\" class=\"aligncenter size-full wp-image-1493\" src=\"https:\/\/www.ayrmed.com\/editorial\/wp-content\/uploads\/2019\/03\/sep2.jpg\" alt=\"\" width=\"500\" height=\"13\" srcset=\"https:\/\/www.ayrmed.com\/editorial\/wp-content\/uploads\/2019\/03\/sep2.jpg 500w, https:\/\/www.ayrmed.com\/editorial\/wp-content\/uploads\/2019\/03\/sep2-300x8.jpg 300w\" sizes=\"auto, (max-width: 500px) 100vw, 500px\" \/><\/p>\n<h3 style=\"text-align: center;\"><span style=\"color: #000000;\"><a href=\"http:\/\/ayrmed.com\/editorial\/msuscripcion\">Mujer clic aqu\u00ed<\/a> &#8211; <a href=\"http:\/\/ayrmed.com\/editorial\/hsuscripcion\">Hombre clic aqu\u00ed<\/a><\/span><\/h3>\n<p style=\"text-align: center;\"><img loading=\"lazy\" decoding=\"async\" class=\"aligncenter size-full wp-image-1493\" src=\"https:\/\/www.ayrmed.com\/editorial\/wp-content\/uploads\/2019\/03\/sep2.jpg\" alt=\"\" width=\"500\" height=\"13\" srcset=\"https:\/\/www.ayrmed.com\/editorial\/wp-content\/uploads\/2019\/03\/sep2.jpg 500w, https:\/\/www.ayrmed.com\/editorial\/wp-content\/uploads\/2019\/03\/sep2-300x8.jpg 300w\" sizes=\"auto, (max-width: 500px) 100vw, 500px\" \/><\/p>\n<p style=\"text-align: center;\">\u00a0<img loading=\"lazy\" decoding=\"async\" class=\"alignnone size-full wp-image-266975\" src=\"https:\/\/www.ayrmed.com\/editorial\/wp-content\/uploads\/2025\/09\/1000106846-1.jpg\" alt=\"\" width=\"2014\" height=\"2031\" srcset=\"https:\/\/www.ayrmed.com\/editorial\/wp-content\/uploads\/2025\/09\/1000106846-1.jpg 2014w, https:\/\/www.ayrmed.com\/editorial\/wp-content\/uploads\/2025\/09\/1000106846-1-297x300.jpg 297w, https:\/\/www.ayrmed.com\/editorial\/wp-content\/uploads\/2025\/09\/1000106846-1-1015x1024.jpg 1015w, https:\/\/www.ayrmed.com\/editorial\/wp-content\/uploads\/2025\/09\/1000106846-1-150x150.jpg 150w, https:\/\/www.ayrmed.com\/editorial\/wp-content\/uploads\/2025\/09\/1000106846-1-768x774.jpg 768w, https:\/\/www.ayrmed.com\/editorial\/wp-content\/uploads\/2025\/09\/1000106846-1-1523x1536.jpg 1523w\" sizes=\"auto, (max-width: 2014px) 100vw, 2014px\" \/><\/p>\n","protected":false},"excerpt":{"rendered":"<p>Web Oficial Dr. Antonio Ferr\u00e1ndez MD &#8211; PhD Comunidad de Email \ud83d\udc47Aqu\u00ed soy yo sin censura\ud83d\udc47 Mujer clic aqu\u00ed &#8211; Hombre clic aqu\u00ed \u00a0<\/p>\n","protected":false},"author":1,"featured_media":266947,"parent":0,"menu_order":0,"comment_status":"closed","ping_status":"closed","template":"","meta":{"site-sidebar-layout":"default","site-content-layout":"default","ast-site-content-layout":"default","site-content-style":"default","site-sidebar-style":"default","ast-global-header-display":"","ast-banner-title-visibility":"","ast-main-header-display":"","ast-hfb-above-header-display":"","ast-hfb-below-header-display":"","ast-hfb-mobile-header-display":"","site-post-title":"","ast-breadcrumbs-content":"","ast-featured-img":"","footer-sml-layout":"","ast-disable-related-posts":"","theme-transparent-header-meta":"default","adv-header-id-meta":"","stick-header-meta":"","header-above-stick-meta":"","header-main-stick-meta":"","header-below-stick-meta":"","astra-migrate-meta-layouts":"set","ast-page-background-enabled":"default","ast-page-background-meta":{"desktop":{"background-color":"","background-image":"","background-repeat":"repeat","background-position":"center center","background-size":"auto","background-attachment":"scroll","background-type":"","background-media":"","overlay-type":"","overlay-color":"","overlay-opacity":"","overlay-gradient":""},"tablet":{"background-color":"","background-image":"","background-repeat":"repeat","background-position":"center center","background-size":"auto","background-attachment":"scroll","background-type":"","background-media":"","overlay-type":"","overlay-color":"","overlay-opacity":"","overlay-gradient":""},"mobile":{"background-color":"","background-image":"","background-repeat":"repeat","background-position":"center center","background-size":"auto","background-attachment":"scroll","background-type":"","background-media":"","overlay-type":"","overlay-color":"","overlay-opacity":"","overlay-gradient":""}},"ast-content-background-meta":{"desktop":{"background-color":"var(--ast-global-color-5)","background-image":"","background-repeat":"repeat","background-position":"center center","background-size":"auto","background-attachment":"scroll","background-type":"","background-media":"","overlay-type":"","overlay-color":"","overlay-opacity":"","overlay-gradient":""},"tablet":{"background-color":"var(--ast-global-color-5)","background-image":"","background-repeat":"repeat","background-position":"center center","background-size":"auto","background-attachment":"scroll","background-type":"","background-media":"","overlay-type":"","overlay-color":"","overlay-opacity":"","overlay-gradient":""},"mobile":{"background-color":"var(--ast-global-color-5)","background-image":"","background-repeat":"repeat","background-position":"center center","background-size":"auto","background-attachment":"scroll","background-type":"","background-media":"","overlay-type":"","overlay-color":"","overlay-opacity":"","overlay-gradient":""}},"footnotes":""},"class_list":["post-1729","page","type-page","status-publish","has-post-thumbnail","hentry"],"yoast_head":"<!-- This site is optimized with the Yoast SEO plugin v27.5 - https:\/\/yoast.com\/product\/yoast-seo-wordpress\/ -->\n<title>Dr. Antonio Ferr\u00e1ndez MD PhD - Suscripci\u00f3n<\/title>\n<meta name=\"description\" content=\"Experiencia cl\u00ednica desde 2001. Atenci\u00f3n integral y segunda opini\u00f3n. Alto grado de satisfacci\u00f3n de los pacientes.\" \/>\n<meta name=\"robots\" content=\"index, follow, max-snippet:-1, max-image-preview:large, max-video-preview:-1\" \/>\n<link rel=\"canonical\" href=\"https:\/\/www.ayrmed.com\/editorial\/\" \/>\n<meta property=\"og:locale\" content=\"es_ES\" \/>\n<meta property=\"og:type\" content=\"article\" \/>\n<meta property=\"og:title\" content=\"Dr. Antonio Ferr\u00e1ndez MD PhD - Suscripci\u00f3n\" \/>\n<meta property=\"og:description\" content=\"Experiencia cl\u00ednica desde 2001. Atenci\u00f3n integral y segunda opini\u00f3n. Alto grado de satisfacci\u00f3n de los pacientes.\" \/>\n<meta property=\"og:url\" content=\"https:\/\/www.ayrmed.com\/editorial\/\" \/>\n<meta property=\"og:site_name\" content=\"Ayrmed.com\" \/>\n<meta property=\"article:publisher\" content=\"https:\/\/www.facebook.com\/Dr.AntonioFerrandez\/\" \/>\n<meta property=\"article:modified_time\" content=\"2025-09-28T09:02:02+00:00\" \/>\n<meta property=\"og:image\" content=\"https:\/\/www.ayrmed.com\/editorial\/wp-content\/uploads\/2019\/03\/hombre-50.jpeg\" \/>\n\t<meta property=\"og:image:width\" content=\"500\" \/>\n\t<meta property=\"og:image:height\" content=\"333\" \/>\n\t<meta property=\"og:image:type\" content=\"image\/jpeg\" \/>\n<meta name=\"twitter:label1\" content=\"Tiempo de lectura\" \/>\n\t<meta name=\"twitter:data1\" content=\"1 minuto\" \/>\n<script type=\"application\/ld+json\" class=\"yoast-schema-graph\">{\"@context\":\"https:\\\/\\\/schema.org\",\"@graph\":[{\"@type\":\"WebPage\",\"@id\":\"https:\\\/\\\/www.ayrmed.com\\\/editorial\\\/\",\"url\":\"https:\\\/\\\/www.ayrmed.com\\\/editorial\\\/\",\"name\":\"Dr. Antonio Ferr\u00e1ndez MD PhD - Suscripci\u00f3n\",\"isPartOf\":{\"@id\":\"https:\\\/\\\/www.ayrmed.com\\\/editorial\\\/#website\"},\"primaryImageOfPage\":{\"@id\":\"https:\\\/\\\/www.ayrmed.com\\\/editorial\\\/#primaryimage\"},\"image\":{\"@id\":\"https:\\\/\\\/www.ayrmed.com\\\/editorial\\\/#primaryimage\"},\"thumbnailUrl\":\"https:\\\/\\\/www.ayrmed.com\\\/editorial\\\/wp-content\\\/uploads\\\/2025\\\/08\\\/dr.antonio_ferrandez_MD_PhD.jpg\",\"datePublished\":\"2019-12-16T08:02:01+00:00\",\"dateModified\":\"2025-09-28T09:02:02+00:00\",\"description\":\"Experiencia cl\u00ednica desde 2001. Atenci\u00f3n integral y segunda opini\u00f3n. Alto grado de satisfacci\u00f3n de los pacientes.\",\"inLanguage\":\"es\",\"potentialAction\":[{\"@type\":\"ReadAction\",\"target\":[\"https:\\\/\\\/www.ayrmed.com\\\/editorial\\\/\"]}]},{\"@type\":\"ImageObject\",\"inLanguage\":\"es\",\"@id\":\"https:\\\/\\\/www.ayrmed.com\\\/editorial\\\/#primaryimage\",\"url\":\"https:\\\/\\\/www.ayrmed.com\\\/editorial\\\/wp-content\\\/uploads\\\/2025\\\/08\\\/dr.antonio_ferrandez_MD_PhD.jpg\",\"contentUrl\":\"https:\\\/\\\/www.ayrmed.com\\\/editorial\\\/wp-content\\\/uploads\\\/2025\\\/08\\\/dr.antonio_ferrandez_MD_PhD.jpg\",\"width\":1056,\"height\":1072},{\"@type\":\"WebSite\",\"@id\":\"https:\\\/\\\/www.ayrmed.com\\\/editorial\\\/#website\",\"url\":\"https:\\\/\\\/www.ayrmed.com\\\/editorial\\\/\",\"name\":\"Ayrmed.com\",\"description\":\"Avances y Renovaci\u00f3n en Medicina\",\"publisher\":{\"@id\":\"https:\\\/\\\/www.ayrmed.com\\\/editorial\\\/#organization\"},\"potentialAction\":[{\"@type\":\"SearchAction\",\"target\":{\"@type\":\"EntryPoint\",\"urlTemplate\":\"https:\\\/\\\/www.ayrmed.com\\\/editorial\\\/?s={search_term_string}\"},\"query-input\":{\"@type\":\"PropertyValueSpecification\",\"valueRequired\":true,\"valueName\":\"search_term_string\"}}],\"inLanguage\":\"es\"},{\"@type\":\"Organization\",\"@id\":\"https:\\\/\\\/www.ayrmed.com\\\/editorial\\\/#organization\",\"name\":\"Ayrmed.com\",\"url\":\"https:\\\/\\\/www.ayrmed.com\\\/editorial\\\/\",\"logo\":{\"@type\":\"ImageObject\",\"inLanguage\":\"es\",\"@id\":\"https:\\\/\\\/www.ayrmed.com\\\/editorial\\\/#\\\/schema\\\/logo\\\/image\\\/\",\"url\":\"https:\\\/\\\/www.ayrmed.com\\\/editorial\\\/wp-content\\\/uploads\\\/2020\\\/01\\\/cropped-logo-ayrmed-10.png\",\"contentUrl\":\"https:\\\/\\\/www.ayrmed.com\\\/editorial\\\/wp-content\\\/uploads\\\/2020\\\/01\\\/cropped-logo-ayrmed-10.png\",\"width\":462,\"height\":148,\"caption\":\"Ayrmed.com\"},\"image\":{\"@id\":\"https:\\\/\\\/www.ayrmed.com\\\/editorial\\\/#\\\/schema\\\/logo\\\/image\\\/\"},\"sameAs\":[\"https:\\\/\\\/www.facebook.com\\\/Dr.AntonioFerrandez\\\/\",\"https:\\\/\\\/x.com\\\/editorialayrmed\",\"https:\\\/\\\/www.linkedin.com\\\/in\\\/antonio-ferrandez-infante\\\/\",\"https:\\\/\\\/www.pinterest.es\\\/ayrmed\",\"https:\\\/\\\/www.youtube.com\\\/channel\\\/UCLTv0c5lrbhVHCij5-z835w\"]}]}<\/script>\n<!-- \/ Yoast SEO plugin. -->","yoast_head_json":{"title":"Dr. Antonio Ferr\u00e1ndez MD PhD - Suscripci\u00f3n","description":"Experiencia cl\u00ednica desde 2001. Atenci\u00f3n integral y segunda opini\u00f3n. Alto grado de satisfacci\u00f3n de los pacientes.","robots":{"index":"index","follow":"follow","max-snippet":"max-snippet:-1","max-image-preview":"max-image-preview:large","max-video-preview":"max-video-preview:-1"},"canonical":"https:\/\/www.ayrmed.com\/editorial\/","og_locale":"es_ES","og_type":"article","og_title":"Dr. Antonio Ferr\u00e1ndez MD PhD - Suscripci\u00f3n","og_description":"Experiencia cl\u00ednica desde 2001. Atenci\u00f3n integral y segunda opini\u00f3n. Alto grado de satisfacci\u00f3n de los pacientes.","og_url":"https:\/\/www.ayrmed.com\/editorial\/","og_site_name":"Ayrmed.com","article_publisher":"https:\/\/www.facebook.com\/Dr.AntonioFerrandez\/","article_modified_time":"2025-09-28T09:02:02+00:00","og_image":[{"width":500,"height":333,"url":"https:\/\/www.ayrmed.com\/editorial\/wp-content\/uploads\/2019\/03\/hombre-50.jpeg","type":"image\/jpeg"}],"twitter_misc":{"Tiempo de lectura":"1 minuto"},"schema":{"@context":"https:\/\/schema.org","@graph":[{"@type":"WebPage","@id":"https:\/\/www.ayrmed.com\/editorial\/","url":"https:\/\/www.ayrmed.com\/editorial\/","name":"Dr. Antonio Ferr\u00e1ndez MD PhD - Suscripci\u00f3n","isPartOf":{"@id":"https:\/\/www.ayrmed.com\/editorial\/#website"},"primaryImageOfPage":{"@id":"https:\/\/www.ayrmed.com\/editorial\/#primaryimage"},"image":{"@id":"https:\/\/www.ayrmed.com\/editorial\/#primaryimage"},"thumbnailUrl":"https:\/\/www.ayrmed.com\/editorial\/wp-content\/uploads\/2025\/08\/dr.antonio_ferrandez_MD_PhD.jpg","datePublished":"2019-12-16T08:02:01+00:00","dateModified":"2025-09-28T09:02:02+00:00","description":"Experiencia cl\u00ednica desde 2001. Atenci\u00f3n integral y segunda opini\u00f3n. Alto grado de satisfacci\u00f3n de los pacientes.","inLanguage":"es","potentialAction":[{"@type":"ReadAction","target":["https:\/\/www.ayrmed.com\/editorial\/"]}]},{"@type":"ImageObject","inLanguage":"es","@id":"https:\/\/www.ayrmed.com\/editorial\/#primaryimage","url":"https:\/\/www.ayrmed.com\/editorial\/wp-content\/uploads\/2025\/08\/dr.antonio_ferrandez_MD_PhD.jpg","contentUrl":"https:\/\/www.ayrmed.com\/editorial\/wp-content\/uploads\/2025\/08\/dr.antonio_ferrandez_MD_PhD.jpg","width":1056,"height":1072},{"@type":"WebSite","@id":"https:\/\/www.ayrmed.com\/editorial\/#website","url":"https:\/\/www.ayrmed.com\/editorial\/","name":"Ayrmed.com","description":"Avances y Renovaci\u00f3n en Medicina","publisher":{"@id":"https:\/\/www.ayrmed.com\/editorial\/#organization"},"potentialAction":[{"@type":"SearchAction","target":{"@type":"EntryPoint","urlTemplate":"https:\/\/www.ayrmed.com\/editorial\/?s={search_term_string}"},"query-input":{"@type":"PropertyValueSpecification","valueRequired":true,"valueName":"search_term_string"}}],"inLanguage":"es"},{"@type":"Organization","@id":"https:\/\/www.ayrmed.com\/editorial\/#organization","name":"Ayrmed.com","url":"https:\/\/www.ayrmed.com\/editorial\/","logo":{"@type":"ImageObject","inLanguage":"es","@id":"https:\/\/www.ayrmed.com\/editorial\/#\/schema\/logo\/image\/","url":"https:\/\/www.ayrmed.com\/editorial\/wp-content\/uploads\/2020\/01\/cropped-logo-ayrmed-10.png","contentUrl":"https:\/\/www.ayrmed.com\/editorial\/wp-content\/uploads\/2020\/01\/cropped-logo-ayrmed-10.png","width":462,"height":148,"caption":"Ayrmed.com"},"image":{"@id":"https:\/\/www.ayrmed.com\/editorial\/#\/schema\/logo\/image\/"},"sameAs":["https:\/\/www.facebook.com\/Dr.AntonioFerrandez\/","https:\/\/x.com\/editorialayrmed","https:\/\/www.linkedin.com\/in\/antonio-ferrandez-infante\/","https:\/\/www.pinterest.es\/ayrmed","https:\/\/www.youtube.com\/channel\/UCLTv0c5lrbhVHCij5-z835w"]}]}},"_links":{"self":[{"href":"https:\/\/www.ayrmed.com\/editorial\/wp-json\/wp\/v2\/pages\/1729","targetHints":{"allow":["GET"]}}],"collection":[{"href":"https:\/\/www.ayrmed.com\/editorial\/wp-json\/wp\/v2\/pages"}],"about":[{"href":"https:\/\/www.ayrmed.com\/editorial\/wp-json\/wp\/v2\/types\/page"}],"author":[{"embeddable":true,"href":"https:\/\/www.ayrmed.com\/editorial\/wp-json\/wp\/v2\/users\/1"}],"replies":[{"embeddable":true,"href":"https:\/\/www.ayrmed.com\/editorial\/wp-json\/wp\/v2\/comments?post=1729"}],"version-history":[{"count":59,"href":"https:\/\/www.ayrmed.com\/editorial\/wp-json\/wp\/v2\/pages\/1729\/revisions"}],"predecessor-version":[{"id":266983,"href":"https:\/\/www.ayrmed.com\/editorial\/wp-json\/wp\/v2\/pages\/1729\/revisions\/266983"}],"wp:featuredmedia":[{"embeddable":true,"href":"https:\/\/www.ayrmed.com\/editorial\/wp-json\/wp\/v2\/media\/266947"}],"wp:attachment":[{"href":"https:\/\/www.ayrmed.com\/editorial\/wp-json\/wp\/v2\/media?parent=1729"}],"curies":[{"name":"wp","href":"https:\/\/api.w.org\/{rel}","templated":true}]}}